Last updated on 2025-02-18 02:50:49 CET.
Flavor | Version | Tinstall | Tcheck | Ttotal | Status | Flags |
---|---|---|---|---|---|---|
r-devel-linux-x86_64-debian-clang | 1.0.4 | 1.63 | 19.24 | 20.87 | NOTE | |
r-devel-linux-x86_64-debian-gcc | 1.0.4 | 1.33 | 16.06 | 17.39 | NOTE | |
r-devel-linux-x86_64-fedora-clang | 1.0.4 | 35.45 | NOTE | |||
r-devel-linux-x86_64-fedora-gcc | 1.0.4 | 46.63 | NOTE | |||
r-devel-macos-arm64 | 1.0.4 | 23.00 | OK | |||
r-devel-macos-x86_64 | 1.0.4 | 38.00 | NOTE | |||
r-devel-windows-x86_64 | 1.0.4 | 3.00 | 41.00 | 44.00 | NOTE | |
r-patched-linux-x86_64 | 1.0.4 | 1.51 | 18.37 | 19.88 | OK | |
r-release-linux-x86_64 | 1.0.4 | 1.56 | 18.23 | 19.79 | OK | |
r-release-macos-arm64 | 1.0.4 | 24.00 | OK | |||
r-release-macos-x86_64 | 1.0.4 | 55.00 | OK | |||
r-release-windows-x86_64 | 1.0.4 | 4.00 | 42.00 | 46.00 | OK | |
r-oldrel-macos-arm64 | 1.0.4 | 27.00 | OK | |||
r-oldrel-macos-x86_64 | 1.0.4 | 48.00 | OK | |||
r-oldrel-windows-x86_64 | 1.0.4 | 4.00 | 66.00 | 70.00 | OK |
Version: 1.0.4
Check: DESCRIPTION meta-information
Result: NOTE
Missing dependency on R >= 4.1.0 because package code uses the pipe
|> or function shorthand \(...) syntax added in R 4.1.0.
File(s) using such syntax:
‘imgocr.R’
Flavors: r-devel-linux-x86_64-debian-clang, r-devel-linux-x86_64-debian-gcc, r-devel-linux-x86_64-fedora-clang, r-devel-linux-x86_64-fedora-gcc, r-devel-macos-x86_64, r-devel-windows-x86_64