Last updated on 2025-02-21 02:52:25 CET.
Flavor | Version | Tinstall | Tcheck | Ttotal | Status | Flags |
---|---|---|---|---|---|---|
r-devel-linux-x86_64-debian-clang | 2.5.1 | 31.73 | 273.16 | 304.89 | NOTE | |
r-devel-linux-x86_64-debian-gcc | 2.5.1 | 20.33 | 165.72 | 186.05 | NOTE | |
r-devel-linux-x86_64-fedora-clang | 2.5.1 | 475.72 | OK | |||
r-devel-linux-x86_64-fedora-gcc | 2.5.1 | 452.10 | OK | |||
r-devel-macos-arm64 | 2.5.1 | 108.00 | OK | |||
r-devel-macos-x86_64 | 2.5.1 | 245.00 | OK | |||
r-devel-windows-x86_64 | 2.5.1 | 26.00 | 209.00 | 235.00 | NOTE | |
r-patched-linux-x86_64 | 2.5.1 | 31.44 | 250.83 | 282.27 | OK | |
r-release-linux-x86_64 | 2.5.1 | 27.69 | 247.07 | 274.76 | OK | |
r-release-macos-arm64 | 2.5.1 | 100.00 | OK | |||
r-release-macos-x86_64 | 2.5.1 | 178.00 | OK | |||
r-release-windows-x86_64 | 2.5.1 | 27.00 | 203.00 | 230.00 | OK | |
r-oldrel-macos-arm64 | 2.5.1 | 96.00 | OK | |||
r-oldrel-macos-x86_64 | 2.5.1 | 271.00 | OK | |||
r-oldrel-windows-x86_64 | 2.5.1 | 37.00 | 270.00 | 307.00 | OK |
Version: 2.5.1
Check: Rd cross-references
Result: NOTE
Found the following Rd file(s) with Rd \link{} targets missing package
anchors:
stat_hollow_contour.Rd: aes, aes_, borders, layer
Please provide package anchors for all Rd \link{} targets not in the
package itself and the base packages.
Flavors: r-devel-linux-x86_64-debian-clang, r-devel-linux-x86_64-debian-gcc, r-devel-windows-x86_64