Last updated on 2025-02-21 02:52:25 CET.
Flavor | Version | Tinstall | Tcheck | Ttotal | Status | Flags |
---|---|---|---|---|---|---|
r-devel-linux-x86_64-debian-clang | 1.0.2 | 10.80 | 146.54 | 157.34 | NOTE | |
r-devel-linux-x86_64-debian-gcc | 1.0.2 | 7.41 | 111.91 | 119.32 | NOTE | |
r-devel-linux-x86_64-fedora-clang | 1.0.2 | 251.55 | NOTE | |||
r-devel-linux-x86_64-fedora-gcc | 1.0.2 | 275.38 | NOTE | |||
r-devel-macos-arm64 | 1.0.2 | 83.00 | OK | |||
r-devel-macos-x86_64 | 1.0.2 | 183.00 | NOTE | |||
r-devel-windows-x86_64 | 1.0.2 | 14.00 | 153.00 | 167.00 | NOTE | |
r-patched-linux-x86_64 | 1.0.2 | 9.85 | 139.38 | 149.23 | OK | |
r-release-linux-x86_64 | 1.0.2 | 9.69 | 139.07 | 148.76 | OK | |
r-release-macos-arm64 | 1.0.2 | 80.00 | OK | |||
r-release-macos-x86_64 | 1.0.2 | 132.00 | OK | |||
r-release-windows-x86_64 | 1.0.2 | 12.00 | 154.00 | 166.00 | OK | |
r-oldrel-macos-arm64 | 1.0.2 | 89.00 | OK | |||
r-oldrel-macos-x86_64 | 1.0.2 | 171.00 | OK | |||
r-oldrel-windows-x86_64 | 1.0.2 | 15.00 | 190.00 | 205.00 | OK |
Version: 1.0.2
Check: DESCRIPTION meta-information
Result: NOTE
Missing dependency on R >= 4.1.0 because package code uses the pipe
|> or function shorthand \(...) syntax added in R 4.1.0.
File(s) using such syntax:
‘debug.R’
Flavors: r-devel-linux-x86_64-debian-clang, r-devel-linux-x86_64-debian-gcc, r-devel-linux-x86_64-fedora-clang, r-devel-linux-x86_64-fedora-gcc, r-devel-macos-x86_64, r-devel-windows-x86_64