Last updated on 2025-05-10 02:49:56 CEST.
Flavor | Version | Tinstall | Tcheck | Ttotal | Status | Flags |
---|---|---|---|---|---|---|
r-devel-linux-x86_64-debian-clang | 4.1-15 | 237.08 | 329.58 | 566.66 | NOTE | |
r-devel-linux-x86_64-debian-gcc | 4.1-15 | 163.93 | 206.11 | 370.04 | NOTE | |
r-devel-linux-x86_64-fedora-clang | 4.1-15 | 1040.76 | OK | |||
r-devel-linux-x86_64-fedora-gcc | 4.1-15 | 999.09 | OK | |||
r-devel-windows-x86_64 | 4.1-15 | 266.00 | 368.00 | 634.00 | OK | |
r-patched-linux-x86_64 | 4.1-15 | 239.73 | 308.83 | 548.56 | OK | |
r-release-linux-x86_64 | 4.1-15 | 240.85 | 310.16 | 551.01 | OK | |
r-release-macos-arm64 | 4.1-15 | 197.00 | OK | |||
r-release-macos-x86_64 | 4.1-15 | 395.00 | OK | |||
r-release-windows-x86_64 | 4.1-15 | 257.00 | 372.00 | 629.00 | OK | |
r-oldrel-macos-arm64 | 4.1-15 | 186.00 | NOTE | |||
r-oldrel-macos-x86_64 | 4.1-15 | 289.00 | NOTE | |||
r-oldrel-windows-x86_64 | 4.1-15 | 317.00 | 451.00 | 768.00 | NOTE |
Version: 4.1-15
Check: CRAN incoming feasibility
Result: NOTE
Maintainer: ‘Alexander Robitzsch <robitzsch@ipn.uni-kiel.de>’
No Authors@R field in DESCRIPTION.
Please add one, modifying
Authors@R: person(given = "Alexander",
family = "Robitzsch",
role = c("aut", "cre"),
email = "robitzsch@ipn.uni-kiel.de",
comment = c(ORCID = "0000-0002-8226-3132"))
as necessary.
Flavors: r-devel-linux-x86_64-debian-clang, r-devel-linux-x86_64-debian-gcc
Version: 4.1-15
Check: installed package size
Result: NOTE
installed size is 11.9Mb
sub-directories of 1Mb or more:
R 3.0Mb
libs 6.8Mb
Flavors: r-oldrel-macos-arm64, r-oldrel-macos-x86_64, r-oldrel-windows-x86_64