Last updated on 2025-02-21 02:52:25 CET.
Flavor | Version | Tinstall | Tcheck | Ttotal | Status | Flags |
---|---|---|---|---|---|---|
r-devel-linux-x86_64-debian-clang | 1.3.0 | 42.02 | 62.79 | 104.81 | OK | |
r-devel-linux-x86_64-debian-gcc | 1.3.0 | 32.99 | 44.67 | 77.66 | OK | |
r-devel-linux-x86_64-fedora-clang | 1.3.0 | 204.04 | OK | |||
r-devel-linux-x86_64-fedora-gcc | 1.3.0 | 185.46 | OK | |||
r-devel-macos-arm64 | 1.3.0 | 54.00 | OK | |||
r-devel-macos-x86_64 | 1.3.0 | 118.00 | OK | |||
r-devel-windows-x86_64 | 1.3.0 | 47.00 | 115.00 | 162.00 | OK | |
r-patched-linux-x86_64 | 1.3.0 | 47.34 | 59.58 | 106.92 | OK | |
r-release-linux-x86_64 | 1.3.0 | 40.33 | 59.84 | 100.17 | OK | |
r-release-macos-arm64 | 1.3.0 | 54.00 | NOTE | |||
r-release-macos-x86_64 | 1.3.0 | 83.00 | NOTE | |||
r-release-windows-x86_64 | 1.3.0 | 48.00 | 113.00 | 161.00 | NOTE | |
r-oldrel-macos-arm64 | 1.3.0 | 55.00 | NOTE | |||
r-oldrel-macos-x86_64 | 1.3.0 | 90.00 | NOTE | |||
r-oldrel-windows-x86_64 | 1.3.0 | 62.00 | 129.00 | 191.00 | NOTE |
Version: 1.3.0
Check: installed package size
Result: NOTE
installed size is 6.6Mb
sub-directories of 1Mb or more:
data 3.8Mb
libs 2.2Mb
Flavors: r-release-macos-arm64, r-release-macos-x86_64, r-release-windows-x86_64, r-oldrel-macos-arm64, r-oldrel-macos-x86_64, r-oldrel-windows-x86_64