CRAN Package Check Results for Package smartmap

Last updated on 2025-05-15 14:48:49 CEST.

Flavor Version Tinstall Tcheck Ttotal Status Flags
r-devel-linux-x86_64-debian-clang 0.1.1 4.39 42.34 46.73 NOTE
r-devel-linux-x86_64-debian-gcc 0.1.1 3.25 32.76 36.01 NOTE
r-devel-linux-x86_64-fedora-clang 0.1.1 69.57 NOTE
r-devel-linux-x86_64-fedora-gcc 0.1.1 72.72 NOTE
r-devel-windows-x86_64 0.1.1 6.00 56.00 62.00 NOTE
r-patched-linux-x86_64 0.1.1 4.25 40.09 44.34 NOTE
r-release-linux-x86_64 0.1.1 3.81 39.36 43.17 NOTE
r-release-macos-arm64 0.1.1 24.00 NOTE
r-release-macos-x86_64 0.1.1 42.00 NOTE
r-release-windows-x86_64 0.1.1 7.00 57.00 64.00 NOTE
r-oldrel-macos-arm64 0.1.1 23.00 NOTE
r-oldrel-macos-x86_64 0.1.1 37.00 NOTE
r-oldrel-windows-x86_64 0.1.1 7.00 63.00 70.00 NOTE

Check Details

Version: 0.1.1
Check: package subdirectories
Result: NOTE Problems with news in ‘NEWS.md’: No news entries found. Flavors: r-devel-linux-x86_64-debian-clang, r-devel-linux-x86_64-debian-gcc, r-devel-linux-x86_64-fedora-clang, r-devel-linux-x86_64-fedora-gcc, r-devel-windows-x86_64, r-patched-linux-x86_64, r-release-linux-x86_64, r-release-macos-arm64, r-release-macos-x86_64, r-release-windows-x86_64, r-oldrel-macos-arm64, r-oldrel-macos-x86_64, r-oldrel-windows-x86_64

Version: 0.1.1
Check: LazyData
Result: NOTE 'LazyData' is specified without a 'data' directory Flavors: r-oldrel-macos-arm64, r-oldrel-macos-x86_64, r-oldrel-windows-x86_64