Last updated on 2025-02-21 02:52:25 CET.
Flavor | Version | Tinstall | Tcheck | Ttotal | Status | Flags |
---|---|---|---|---|---|---|
r-devel-linux-x86_64-debian-clang | 0.0.1 | 147.85 | 71.57 | 219.42 | OK | |
r-devel-linux-x86_64-debian-gcc | 0.0.1 | 112.94 | 55.79 | 168.73 | OK | |
r-devel-linux-x86_64-fedora-clang | 0.0.1 | 419.27 | OK | |||
r-devel-linux-x86_64-fedora-gcc | 0.0.1 | 426.48 | OK | |||
r-devel-macos-arm64 | 0.0.1 | 49.00 | ERROR | |||
r-devel-macos-x86_64 | 0.0.1 | 75.00 | ERROR | |||
r-devel-windows-x86_64 | 0.0.1 | 155.00 | 132.00 | 287.00 | OK | |
r-patched-linux-x86_64 | 0.0.1 | 149.74 | 72.01 | 221.75 | NOTE | |
r-release-linux-x86_64 | 0.0.1 | 150.83 | 70.84 | 221.67 | NOTE | |
r-release-macos-arm64 | 0.0.1 | 76.00 | ERROR | |||
r-release-macos-x86_64 | 0.0.1 | 92.00 | ERROR | |||
r-release-windows-x86_64 | 0.0.1 | 160.00 | 133.00 | 293.00 | NOTE |
Version: 0.0.1
Check: whether package can be installed
Result: ERROR
Installation failed.
Flavors: r-devel-macos-arm64, r-devel-macos-x86_64, r-release-macos-arm64, r-release-macos-x86_64
Version: 0.0.1
Check: for GNU extensions in Makefiles
Result: NOTE
GNU make is a SystemRequirements.
Flavors: r-patched-linux-x86_64, r-release-linux-x86_64, r-release-windows-x86_64
Version: 0.0.1
Check: installed package size
Result: NOTE
installed size is 7.6Mb
sub-directories of 1Mb or more:
libs 4.7Mb
Flavor: r-release-windows-x86_64