Last updated on 2025-02-21 02:52:26 CET.
Flavor | Version | Tinstall | Tcheck | Ttotal | Status | Flags |
---|---|---|---|---|---|---|
r-devel-linux-x86_64-debian-clang | 1.2.0 | 3.84 | 63.15 | 66.99 | NOTE | |
r-devel-linux-x86_64-debian-gcc | 1.2.0 | 3.02 | 46.45 | 49.47 | NOTE | |
r-devel-linux-x86_64-fedora-clang | 1.2.0 | 110.04 | NOTE | |||
r-devel-linux-x86_64-fedora-gcc | 1.2.0 | 121.21 | NOTE | |||
r-devel-macos-arm64 | 1.2.0 | 48.00 | OK | |||
r-devel-macos-x86_64 | 1.2.0 | 72.00 | NOTE | |||
r-devel-windows-x86_64 | 1.2.0 | 5.00 | 108.00 | 113.00 | NOTE | |
r-patched-linux-x86_64 | 1.2.0 | 5.25 | 58.83 | 64.08 | OK | |
r-release-linux-x86_64 | 1.2.0 | 3.99 | 58.87 | 62.86 | OK | |
r-release-macos-arm64 | 1.2.0 | 47.00 | OK | |||
r-release-macos-x86_64 | 1.2.0 | 62.00 | OK | |||
r-release-windows-x86_64 | 1.2.0 | 7.00 | 106.00 | 113.00 | OK | |
r-oldrel-macos-arm64 | 1.2.0 | 51.00 | OK | |||
r-oldrel-macos-x86_64 | 1.2.0 | 98.00 | OK | |||
r-oldrel-windows-x86_64 | 1.2.0 | 6.00 | 107.00 | 113.00 | OK |
Version: 1.2.0
Check: DESCRIPTION meta-information
Result: NOTE
Missing dependency on R >= 4.1.0 because package code uses the pipe
|> or function shorthand \(...) syntax added in R 4.1.0.
File(s) using such syntax:
‘PowerRelation.R’ ‘SocialRanking.R’ ‘copeland.R’ ‘generator.R’
‘makePowerRelationMonotonic.R’
Flavors: r-devel-linux-x86_64-debian-clang, r-devel-linux-x86_64-debian-gcc, r-devel-linux-x86_64-fedora-clang, r-devel-linux-x86_64-fedora-gcc, r-devel-macos-x86_64, r-devel-windows-x86_64