Last updated on 2025-02-21 02:52:26 CET.
Flavor | Version | Tinstall | Tcheck | Ttotal | Status | Flags |
---|---|---|---|---|---|---|
r-devel-linux-x86_64-debian-clang | 0.8.21 | 8.17 | 88.95 | 97.12 | NOTE | |
r-devel-linux-x86_64-debian-gcc | 0.8.21 | 6.46 | 64.21 | 70.67 | NOTE | |
r-devel-linux-x86_64-fedora-clang | 0.8.21 | 152.50 | NOTE | |||
r-devel-linux-x86_64-fedora-gcc | 0.8.21 | 159.88 | NOTE | |||
r-devel-macos-arm64 | 0.8.21 | 46.00 | NOTE | |||
r-devel-macos-x86_64 | 0.8.21 | 97.00 | NOTE | |||
r-devel-windows-x86_64 | 0.8.21 | 11.00 | 92.00 | 103.00 | NOTE | |
r-patched-linux-x86_64 | 0.8.21 | 8.29 | 80.73 | 89.02 | NOTE | |
r-release-linux-x86_64 | 0.8.21 | 8.86 | 79.96 | 88.82 | NOTE | |
r-release-macos-arm64 | 0.8.21 | 45.00 | NOTE | |||
r-release-macos-x86_64 | 0.8.21 | 69.00 | NOTE | |||
r-release-windows-x86_64 | 0.8.21 | 11.00 | 93.00 | 104.00 | NOTE | |
r-oldrel-macos-arm64 | 0.8.21 | 50.00 | OK | |||
r-oldrel-macos-x86_64 | 0.8.21 | 111.00 | OK | |||
r-oldrel-windows-x86_64 | 0.8.21 | 13.00 | 112.00 | 125.00 | OK |
Version: 0.8.21
Check: Rd files
Result: NOTE
checkRd: (-1) load_sorvi_data.Rd:23: Lost braces in \itemize; meant \describe ?
Flavors: r-devel-linux-x86_64-debian-clang, r-devel-linux-x86_64-debian-gcc, r-devel-linux-x86_64-fedora-clang, r-devel-linux-x86_64-fedora-gcc, r-devel-macos-arm64, r-devel-macos-x86_64, r-devel-windows-x86_64, r-patched-linux-x86_64, r-release-linux-x86_64, r-release-macos-arm64, r-release-macos-x86_64, r-release-windows-x86_64