Last updated on 2025-02-21 02:52:26 CET.
Flavor | Version | Tinstall | Tcheck | Ttotal | Status | Flags |
---|---|---|---|---|---|---|
r-devel-linux-x86_64-debian-clang | 0.0.9.2 | 5.99 | 52.23 | 58.22 | OK | |
r-devel-linux-x86_64-debian-gcc | 0.0.9.2 | 4.95 | 36.65 | 41.60 | OK | |
r-devel-linux-x86_64-fedora-clang | 0.0.9.2 | 93.77 | NOTE | |||
r-devel-linux-x86_64-fedora-gcc | 0.0.9.2 | 102.87 | NOTE | |||
r-devel-macos-arm64 | 0.0.9.2 | 34.00 | OK | |||
r-devel-macos-x86_64 | 0.0.9.2 | 62.00 | OK | |||
r-devel-windows-x86_64 | 0.0.9.2 | 8.00 | 68.00 | 76.00 | OK | |
r-patched-linux-x86_64 | 0.0.9.2 | 6.69 | 47.69 | 54.38 | OK | |
r-release-linux-x86_64 | 0.0.9.2 | 7.40 | 48.09 | 55.49 | OK | |
r-release-macos-arm64 | 0.0.9.2 | 34.00 | OK | |||
r-release-macos-x86_64 | 0.0.9.2 | 51.00 | OK | |||
r-release-windows-x86_64 | 0.0.9.2 | 8.00 | 67.00 | 75.00 | OK | |
r-oldrel-macos-arm64 | 0.0.9.2 | 35.00 | OK | |||
r-oldrel-macos-x86_64 | 0.0.9.2 | 51.00 | OK | |||
r-oldrel-windows-x86_64 | 0.0.9.2 | 10.00 | 81.00 | 91.00 | OK |
Version: 0.0.9.2
Check: dependencies in R code
Result: NOTE
Namespaces in Imports field not imported from:
‘RSQLite’ ‘dbplyr’
All declared Imports should be used.
Flavors: r-devel-linux-x86_64-fedora-clang, r-devel-linux-x86_64-fedora-gcc