Last updated on 2025-05-12 14:49:11 CEST.
Flavor | Version | Tinstall | Tcheck | Ttotal | Status | Flags |
---|---|---|---|---|---|---|
r-devel-linux-x86_64-debian-clang | 2.3.4 | 4.30 | 42.58 | 46.88 | OK | |
r-devel-linux-x86_64-debian-gcc | 2.3.4 | 3.22 | 32.17 | 35.39 | OK | |
r-devel-linux-x86_64-fedora-clang | 2.3.4 | 72.68 | OK | |||
r-devel-linux-x86_64-fedora-gcc | 2.3.4 | 72.37 | OK | |||
r-devel-windows-x86_64 | 2.3.4 | 8.00 | 79.00 | 87.00 | OK | |
r-patched-linux-x86_64 | 2.3.4 | 4.62 | 39.77 | 44.39 | OK | |
r-release-linux-x86_64 | 2.3.4 | 4.01 | 39.71 | 43.72 | OK | |
r-release-macos-arm64 | 2.3.4 | 30.00 | OK | |||
r-release-macos-x86_64 | 2.3.4 | 48.00 | OK | |||
r-release-windows-x86_64 | 2.3.4 | 6.00 | 80.00 | 86.00 | OK | |
r-oldrel-macos-arm64 | 2.3.4 | 34.00 | NOTE | |||
r-oldrel-macos-x86_64 | 2.3.4 | 77.00 | NOTE | |||
r-oldrel-windows-x86_64 | 2.3.4 | 7.00 | 87.00 | 94.00 | NOTE |
Version: 2.3.4
Check: package dependencies
Result: NOTE
Package suggested but not available for checking: ‘spDataLarge’
Flavors: r-oldrel-macos-arm64, r-oldrel-macos-x86_64, r-oldrel-windows-x86_64
Version: 2.3.4
Check: installed package size
Result: NOTE
installed size is 6.6Mb
sub-directories of 1Mb or more:
data 2.6Mb
shapes 3.2Mb
Flavors: r-oldrel-macos-arm64, r-oldrel-macos-x86_64, r-oldrel-windows-x86_64