Last updated on 2025-02-21 02:52:26 CET.
Flavor | Version | Tinstall | Tcheck | Ttotal | Status | Flags |
---|---|---|---|---|---|---|
r-devel-linux-x86_64-debian-clang | 1.1 | 14.01 | 105.26 | 119.27 | OK | |
r-devel-linux-x86_64-debian-gcc | 1.1 | 10.50 | 75.16 | 85.66 | OK | |
r-devel-linux-x86_64-fedora-clang | 1.1 | 188.94 | OK | |||
r-devel-linux-x86_64-fedora-gcc | 1.1 | 180.59 | OK | |||
r-devel-macos-arm64 | 1.1 | 48.00 | OK | |||
r-devel-macos-x86_64 | 1.1 | 91.00 | OK | |||
r-devel-windows-x86_64 | 1.1 | 14.00 | 115.00 | 129.00 | OK | |
r-patched-linux-x86_64 | 1.1 | 11.36 | 97.81 | 109.17 | OK | |
r-release-linux-x86_64 | 1.1 | 12.41 | 95.83 | 108.24 | OK | |
r-release-macos-arm64 | 1.1 | 46.00 | NOTE | |||
r-release-macos-x86_64 | 1.1 | 81.00 | NOTE | |||
r-release-windows-x86_64 | 1.1 | 13.00 | 107.00 | 120.00 | NOTE | |
r-oldrel-macos-arm64 | 1.1 | 59.00 | NOTE | |||
r-oldrel-macos-x86_64 | 1.1 | 92.00 | NOTE | |||
r-oldrel-windows-x86_64 | 1.1 | 19.00 | 130.00 | 149.00 | NOTE |
Version: 1.1
Check: installed package size
Result: NOTE
installed size is 5.9Mb
sub-directories of 1Mb or more:
data 4.3Mb
help 1.5Mb
Flavors: r-release-macos-arm64, r-release-macos-x86_64, r-release-windows-x86_64, r-oldrel-macos-arm64, r-oldrel-macos-x86_64, r-oldrel-windows-x86_64