Last updated on 2025-02-21 02:52:26 CET.
Flavor | Version | Tinstall | Tcheck | Ttotal | Status | Flags |
---|---|---|---|---|---|---|
r-devel-linux-x86_64-debian-clang | 1.4 | 175.22 | 199.98 | 375.20 | OK | |
r-devel-linux-x86_64-debian-gcc | 1.4 | 120.40 | 118.24 | 238.64 | OK | |
r-devel-linux-x86_64-fedora-clang | 1.4 | 683.54 | OK | |||
r-devel-linux-x86_64-fedora-gcc | 1.4 | 659.48 | OK | |||
r-devel-macos-arm64 | 1.4 | 5.00 | ERROR | |||
r-devel-macos-x86_64 | 1.4 | 278.00 | OK | |||
r-devel-windows-x86_64 | 1.4 | 181.00 | 175.00 | 356.00 | OK | |
r-patched-linux-x86_64 | 1.4 | 173.96 | 182.37 | 356.33 | OK | |
r-release-linux-x86_64 | 1.4 | 173.10 | 182.25 | 355.35 | OK | |
r-release-macos-arm64 | 1.4 | 129.00 | NOTE | |||
r-release-macos-x86_64 | 1.4 | 256.00 | NOTE | |||
r-release-windows-x86_64 | 1.4 | 185.00 | 176.00 | 361.00 | OK | |
r-oldrel-macos-arm64 | 1.2 | 91.00 | NOTE | |||
r-oldrel-macos-x86_64 | 1.4 | 246.00 | NOTE | |||
r-oldrel-windows-x86_64 | 1.4 | 226.00 | 230.00 | 456.00 | OK |
Version: 1.4
Check: package dependencies
Result: ERROR
Package required but not available: ‘terra’
See section ‘The DESCRIPTION file’ in the ‘Writing R Extensions’
manual.
Flavor: r-devel-macos-arm64
Version: 1.4
Check: installed package size
Result: NOTE
installed size is 12.4Mb
sub-directories of 1Mb or more:
extdata 1.2Mb
libs 10.9Mb
Flavors: r-release-macos-arm64, r-release-macos-x86_64, r-oldrel-macos-x86_64
Version: 1.2
Check: installed package size
Result: NOTE
installed size is 5.2Mb
sub-directories of 1Mb or more:
extdata 1.1Mb
libs 3.9Mb
Flavor: r-oldrel-macos-arm64