Last updated on 2025-02-21 02:52:26 CET.
Flavor | Version | Tinstall | Tcheck | Ttotal | Status | Flags |
---|---|---|---|---|---|---|
r-devel-linux-x86_64-debian-clang | 0.1.1 | 6.49 | 53.82 | 60.31 | OK | |
r-devel-linux-x86_64-debian-gcc | 0.1.1 | 4.71 | 37.64 | 42.35 | OK | |
r-devel-linux-x86_64-fedora-clang | 0.1.1 | 93.16 | OK | |||
r-devel-linux-x86_64-fedora-gcc | 0.1.1 | 88.48 | OK | |||
r-devel-macos-arm64 | 0.1.1 | 30.00 | OK | |||
r-devel-macos-x86_64 | 0.1.1 | 58.00 | OK | |||
r-devel-windows-x86_64 | 0.1.1 | 7.00 | 65.00 | 72.00 | OK | |
r-patched-linux-x86_64 | 0.1.1 | 6.59 | 49.14 | 55.73 | NOTE | |
r-release-linux-x86_64 | 0.1.1 | 5.97 | 49.65 | 55.62 | NOTE | |
r-release-macos-arm64 | 0.1.1 | 28.00 | NOTE | |||
r-release-macos-x86_64 | 0.1.1 | 43.00 | NOTE | |||
r-release-windows-x86_64 | 0.1.1 | 7.00 | 66.00 | 73.00 | NOTE | |
r-oldrel-macos-arm64 | 0.1.1 | 35.00 | NOTE | |||
r-oldrel-macos-x86_64 | 0.1.1 | 51.00 | NOTE | |||
r-oldrel-windows-x86_64 | 0.1.1 | 10.00 | 74.00 | 84.00 | NOTE |
Version: 0.1.1
Check: LazyData
Result: NOTE
'LazyData' is specified without a 'data' directory
Flavors: r-patched-linux-x86_64, r-release-linux-x86_64, r-release-macos-arm64, r-release-macos-x86_64, r-release-windows-x86_64, r-oldrel-macos-arm64, r-oldrel-macos-x86_64, r-oldrel-windows-x86_64