Last updated on 2024-05-21 02:54:40 CEST.
Flavor | Version | Tinstall | Tcheck | Ttotal | Status | Flags |
---|---|---|---|---|---|---|
r-devel-linux-x86_64-debian-clang | 0.1.6 | 28.45 | 65.63 | 94.08 | NOTE | |
r-devel-linux-x86_64-debian-gcc | 0.1.6 | 20.29 | 50.14 | 70.43 | NOTE | |
r-devel-linux-x86_64-fedora-clang | 0.1.6 | 124.14 | NOTE | |||
r-devel-linux-x86_64-fedora-gcc | 0.1.6 | 122.93 | NOTE | |||
r-devel-windows-x86_64 | 0.1.6 | 23.00 | 81.00 | 104.00 | NOTE | |
r-patched-linux-x86_64 | 0.1.6 | 18.21 | 62.91 | 81.12 | NOTE | |
r-release-linux-x86_64 | 0.1.6 | 16.72 | 62.54 | 79.26 | NOTE | |
r-release-macos-arm64 | 0.1.6 | 33.00 | NOTE | |||
r-release-windows-x86_64 | 0.1.6 | 20.00 | 87.00 | 107.00 | NOTE | |
r-oldrel-macos-arm64 | 0.1.6 | 36.00 | NOTE | |||
r-oldrel-macos-x86_64 | 0.1.6 | 71.00 | NOTE | |||
r-oldrel-windows-x86_64 | 0.1.6 | 26.00 | 98.00 | 124.00 | NOTE |
Version: 0.1.6
Check: C++ specification
Result: NOTE
Specified C++11: please drop specification unless essential
Flavors: r-devel-linux-x86_64-debian-clang, r-devel-linux-x86_64-debian-gcc, r-devel-linux-x86_64-fedora-clang, r-devel-linux-x86_64-fedora-gcc, r-devel-windows-x86_64, r-patched-linux-x86_64, r-release-linux-x86_64, r-release-macos-arm64, r-release-windows-x86_64, r-oldrel-macos-arm64, r-oldrel-macos-x86_64, r-oldrel-windows-x86_64