Last updated on 2025-05-17 02:53:34 CEST.
Flavor | Version | Tinstall | Tcheck | Ttotal | Status | Flags |
---|---|---|---|---|---|---|
r-devel-linux-x86_64-debian-clang | 0.2.8 | 41.04 | 362.13 | 403.17 | NOTE | |
r-devel-linux-x86_64-debian-gcc | 0.2.8 | 27.77 | 253.35 | 281.12 | NOTE | |
r-devel-linux-x86_64-fedora-clang | 0.2.8 | 698.09 | OK | |||
r-devel-linux-x86_64-fedora-gcc | 0.2.8 | 671.73 | OK | |||
r-devel-windows-x86_64 | 0.2.8 | 26.00 | 277.00 | 303.00 | NOTE | |
r-patched-linux-x86_64 | 0.2.8 | 38.32 | 343.76 | 382.08 | NOTE | |
r-release-linux-x86_64 | 0.2.8 | 40.25 | 343.14 | 383.39 | NOTE | |
r-release-macos-arm64 | 0.2.8 | 296.00 | OK | |||
r-release-macos-x86_64 | 0.2.8 | 350.00 | OK | |||
r-release-windows-x86_64 | 0.2.8 | 28.00 | 249.00 | 277.00 | NOTE | |
r-oldrel-macos-arm64 | 0.2.8 | 290.00 | OK | |||
r-oldrel-macos-x86_64 | 0.2.8 | 286.00 | OK | |||
r-oldrel-windows-x86_64 | 0.2.8 | 37.00 | 320.00 | 357.00 | OK |
Version: 0.2.8
Check: Rd cross-references
Result: NOTE
Found the following Rd file(s) with Rd \link{} targets missing package
anchors:
sparrpowR-package.Rd: sparr, spatstat.random, spatstat.geom, terra,
doFuture, doRNG
spatial_data.Rd: spatstat.random
spatial_power.Rd: spatstat.random
Please provide package anchors for all Rd \link{} targets not in the
package itself and the base packages.
Flavors: r-devel-linux-x86_64-debian-clang, r-devel-linux-x86_64-debian-gcc, r-devel-windows-x86_64, r-patched-linux-x86_64, r-release-linux-x86_64, r-release-windows-x86_64