Last updated on 2025-02-21 02:52:26 CET.
Flavor | Version | Tinstall | Tcheck | Ttotal | Status | Flags |
---|---|---|---|---|---|---|
r-devel-linux-x86_64-debian-clang | 0.4.1 | 14.27 | 115.27 | 129.54 | NOTE | |
r-devel-linux-x86_64-debian-gcc | 0.4.1 | 10.32 | 77.57 | 87.89 | NOTE | |
r-devel-linux-x86_64-fedora-clang | 0.4.1 | 203.83 | NOTE | |||
r-devel-linux-x86_64-fedora-gcc | 0.4.1 | 189.75 | NOTE | |||
r-devel-macos-arm64 | 0.4.1 | 57.00 | NOTE | |||
r-devel-macos-x86_64 | 0.4.1 | 101.00 | NOTE | |||
r-devel-windows-x86_64 | 0.4.1 | 14.00 | 115.00 | 129.00 | NOTE | |
r-patched-linux-x86_64 | 0.4.1 | 21.67 | 105.47 | 127.14 | NOTE | |
r-release-linux-x86_64 | 0.4.1 | 13.80 | 106.42 | 120.22 | NOTE | |
r-release-macos-arm64 | 0.4.1 | 54.00 | NOTE | |||
r-release-macos-x86_64 | 0.4.1 | 78.00 | NOTE | |||
r-release-windows-x86_64 | 0.4.1 | 15.00 | 111.00 | 126.00 | NOTE | |
r-oldrel-macos-arm64 | 0.4.1 | 60.00 | NOTE | |||
r-oldrel-macos-x86_64 | 0.4.1 | 75.00 | NOTE | |||
r-oldrel-windows-x86_64 | 0.4.1 | 19.00 | 140.00 | 159.00 | NOTE |
Version: 0.4.1
Check: package subdirectories
Result: NOTE
Problems with news in ‘NEWS.md’:
No news entries found.
Flavors: r-devel-linux-x86_64-debian-clang, r-devel-linux-x86_64-debian-gcc, r-devel-linux-x86_64-fedora-clang, r-devel-linux-x86_64-fedora-gcc, r-devel-macos-arm64, r-devel-macos-x86_64, r-devel-windows-x86_64, r-patched-linux-x86_64, r-release-linux-x86_64, r-release-macos-arm64, r-release-macos-x86_64, r-release-windows-x86_64, r-oldrel-macos-arm64, r-oldrel-macos-x86_64, r-oldrel-windows-x86_64
Version: 0.4.1
Check: Rd cross-references
Result: NOTE
Found the following Rd file(s) with Rd \link{} targets missing package
anchors:
sparseFLMM.Rd: mgcv, s, te, bam, pffr
Please provide package anchors for all Rd \link{} targets not in the
package itself and the base packages.
Flavors: r-devel-linux-x86_64-debian-clang, r-devel-linux-x86_64-debian-gcc, r-devel-windows-x86_64