Last updated on 2025-05-29 02:51:03 CEST.
Flavor | Version | Tinstall | Tcheck | Ttotal | Status | Flags |
---|---|---|---|---|---|---|
r-devel-linux-x86_64-debian-clang | 0.2.0.1 | 52.91 | 46.46 | 99.37 | OK | |
r-devel-linux-x86_64-debian-gcc | 0.2.0.1 | 38.88 | 36.84 | 75.72 | OK | |
r-devel-linux-x86_64-fedora-clang | 0.2.0.1 | 179.32 | NOTE | |||
r-devel-linux-x86_64-fedora-gcc | 0.2.0.1 | 173.31 | NOTE | |||
r-devel-windows-x86_64 | 0.2.0.1 | 57.00 | 91.00 | 148.00 | OK | |
r-patched-linux-x86_64 | 0.2.0.1 | 55.08 | 47.34 | 102.42 | OK | |
r-release-linux-x86_64 | 0.2.0.1 | 54.10 | 46.78 | 100.88 | OK | |
r-release-macos-arm64 | 0.2.0.1 | 46.00 | OK | |||
r-release-macos-x86_64 | 0.2.0.1 | 64.00 | OK | |||
r-release-windows-x86_64 | 0.2.0.1 | 62.00 | 123.00 | 185.00 | OK | |
r-oldrel-macos-arm64 | 0.2.0.1 | 46.00 | NOTE | |||
r-oldrel-macos-x86_64 | 0.2.0.1 | 60.00 | NOTE | |||
r-oldrel-windows-x86_64 | 0.2.0.1 | 72.00 | 112.00 | 184.00 | OK |
Version: 0.2.0.1
Check: compiled code
Result: NOTE
File ‘sparseLTSEigen/libs/sparseLTSEigen.so’:
Found no calls to: ‘R_registerRoutines’, ‘R_useDynamicSymbols’
It is good practice to register native routines and to disable symbol
search.
See ‘Writing portable packages’ in the ‘Writing R Extensions’ manual.
Flavors: r-devel-linux-x86_64-fedora-clang, r-devel-linux-x86_64-fedora-gcc
Version: 0.2.0.1
Check: installed package size
Result: NOTE
installed size is 13.7Mb
sub-directories of 1Mb or more:
libs 13.6Mb
Flavors: r-oldrel-macos-arm64, r-oldrel-macos-x86_64