Last updated on 2025-02-21 02:52:26 CET.
Flavor | Version | Tinstall | Tcheck | Ttotal | Status | Flags |
---|---|---|---|---|---|---|
r-devel-linux-x86_64-debian-clang | 0.2.5 | 165.21 | 31.93 | 197.14 | NOTE | |
r-devel-linux-x86_64-debian-gcc | 0.2.5 | 123.17 | 25.08 | 148.25 | NOTE | |
r-devel-linux-x86_64-fedora-clang | 0.2.5 | 320.58 | NOTE | |||
r-devel-linux-x86_64-fedora-gcc | 0.2.5 | 403.58 | NOTE | |||
r-devel-macos-arm64 | 0.2.5 | 83.00 | NOTE | |||
r-devel-macos-x86_64 | 0.2.5 | 99.00 | NOTE | |||
r-devel-windows-x86_64 | 0.2.5 | 157.00 | 90.00 | 247.00 | NOTE | |
r-patched-linux-x86_64 | 0.2.5 | 172.48 | 30.22 | 202.70 | NOTE | |
r-release-linux-x86_64 | 0.2.5 | 175.02 | 30.34 | 205.36 | NOTE | |
r-release-macos-arm64 | 0.2.5 | 86.00 | NOTE | |||
r-release-macos-x86_64 | 0.2.5 | 77.00 | NOTE | |||
r-release-windows-x86_64 | 0.2.5 | 164.00 | 87.00 | 251.00 | NOTE | |
r-oldrel-macos-arm64 | 0.2.5 | 89.00 | NOTE | |||
r-oldrel-macos-x86_64 | 0.2.5 | 107.00 | NOTE | |||
r-oldrel-windows-x86_64 | 0.2.5 | 190.00 | 107.00 | 297.00 | NOTE |
Version: 0.2.5
Check: C++ specification
Result: NOTE
Specified C++14: please drop specification unless essential
Flavors: r-devel-linux-x86_64-debian-clang, r-devel-linux-x86_64-debian-gcc, r-devel-linux-x86_64-fedora-clang, r-devel-linux-x86_64-fedora-gcc, r-devel-macos-arm64, r-devel-macos-x86_64, r-devel-windows-x86_64, r-patched-linux-x86_64, r-release-linux-x86_64, r-release-macos-arm64, r-release-macos-x86_64, r-release-windows-x86_64, r-oldrel-macos-arm64, r-oldrel-macos-x86_64, r-oldrel-windows-x86_64
Version: 0.2.5
Check: installed package size
Result: NOTE
installed size is 13.0Mb
sub-directories of 1Mb or more:
doc 1.2Mb
libs 11.5Mb
Flavors: r-release-macos-arm64, r-release-macos-x86_64, r-oldrel-macos-arm64, r-oldrel-macos-x86_64