Last updated on 2025-02-18 02:50:50 CET.
Flavor | Version | Tinstall | Tcheck | Ttotal | Status | Flags |
---|---|---|---|---|---|---|
r-devel-linux-x86_64-debian-clang | 0.6.3 | 3.88 | 35.79 | 39.67 | NOTE | |
r-devel-linux-x86_64-debian-gcc | 0.6.3 | 2.78 | 26.51 | 29.29 | NOTE | |
r-devel-linux-x86_64-fedora-clang | 0.6.3 | 63.91 | OK | |||
r-devel-linux-x86_64-fedora-gcc | 0.6.3 | 60.16 | OK | |||
r-devel-macos-arm64 | 0.6.3 | 24.00 | OK | |||
r-devel-macos-x86_64 | 0.6.3 | 59.00 | OK | |||
r-devel-windows-x86_64 | 0.6.3 | 5.00 | 58.00 | 63.00 | NOTE | |
r-patched-linux-x86_64 | 0.6.3 | 4.27 | 33.91 | 38.18 | OK | |
r-release-linux-x86_64 | 0.6.3 | 3.95 | 34.28 | 38.23 | OK | |
r-release-macos-arm64 | 0.6.3 | 24.00 | OK | |||
r-release-macos-x86_64 | 0.6.3 | 62.00 | OK | |||
r-release-windows-x86_64 | 0.6.3 | 5.00 | 59.00 | 64.00 | OK | |
r-oldrel-macos-arm64 | 0.6.3 | 24.00 | OK | |||
r-oldrel-macos-x86_64 | 0.6.3 | 33.00 | OK | |||
r-oldrel-windows-x86_64 | 0.6.3 | 6.00 | 64.00 | 70.00 | OK |
Version: 0.6.3
Check: Rd cross-references
Result: NOTE
Found the following Rd file(s) with Rd \link{} targets missing package
anchors:
surfacemodel.Rd: rpart.control, rpart
Please provide package anchors for all Rd \link{} targets not in the
package itself and the base packages.
Flavors: r-devel-linux-x86_64-debian-clang, r-devel-linux-x86_64-debian-gcc, r-devel-windows-x86_64