Last updated on 2025-02-21 02:52:26 CET.
Flavor | Version | Tinstall | Tcheck | Ttotal | Status | Flags |
---|---|---|---|---|---|---|
r-devel-linux-x86_64-debian-clang | 0.17.2 | 50.62 | 105.31 | 155.93 | NOTE | |
r-devel-linux-x86_64-debian-gcc | 0.17.2 | 33.74 | 73.18 | 106.92 | NOTE | |
r-devel-linux-x86_64-fedora-clang | 0.17.2 | 287.34 | OK | |||
r-devel-linux-x86_64-fedora-gcc | 0.17.2 | 263.16 | OK | |||
r-devel-macos-arm64 | 0.17.2 | 75.00 | OK | |||
r-devel-macos-x86_64 | 0.17.2 | 141.00 | OK | |||
r-devel-windows-x86_64 | 0.17.2 | 54.00 | 186.00 | 240.00 | NOTE | |
r-patched-linux-x86_64 | 0.17.2 | 52.86 | 96.38 | 149.24 | OK | |
r-release-linux-x86_64 | 0.17.2 | 42.57 | 96.62 | 139.19 | OK | |
r-release-macos-arm64 | 0.17.2 | 65.00 | OK | |||
r-release-macos-x86_64 | 0.17.2 | 97.00 | OK | |||
r-release-windows-x86_64 | 0.17.2 | 54.00 | 180.00 | 234.00 | OK | |
r-oldrel-macos-arm64 | 0.17.2 | 74.00 | OK | |||
r-oldrel-macos-x86_64 | 0.17.2 | 180.00 | OK | |||
r-oldrel-windows-x86_64 | 0.17.2 | 68.00 | 190.00 | 258.00 | OK |
Version: 0.17.2
Check: Rd cross-references
Result: NOTE
Found the following Rd file(s) with Rd \link{} targets missing package
anchors:
forecast.spdur.Rd: forecast
Please provide package anchors for all Rd \link{} targets not in the
package itself and the base packages.
Flavors: r-devel-linux-x86_64-debian-clang, r-devel-linux-x86_64-debian-gcc, r-devel-windows-x86_64