Last updated on 2024-05-21 14:57:25 CEST.
Flavor | Version | Tinstall | Tcheck | Ttotal | Status | Flags |
---|---|---|---|---|---|---|
r-devel-linux-x86_64-debian-clang | 0.3.0 | 8.03 | 116.40 | 124.43 | OK | |
r-devel-linux-x86_64-debian-gcc | 0.3.0 | 5.21 | 86.08 | 91.29 | OK | |
r-devel-linux-x86_64-fedora-clang | 0.3.0 | 147.35 | NOTE | |||
r-devel-linux-x86_64-fedora-gcc | 0.3.0 | 147.34 | NOTE | |||
r-devel-windows-x86_64 | 0.3.0 | 10.00 | 116.00 | 126.00 | OK | |
r-patched-linux-x86_64 | 0.3.0 | 5.62 | 108.64 | 114.26 | OK | |
r-release-linux-x86_64 | 0.3.0 | 4.57 | 109.30 | 113.87 | OK | |
r-release-macos-arm64 | 0.3.0 | 42.00 | OK | |||
r-release-macos-x86_64 | 0.3.0 | 116.00 | OK | |||
r-release-windows-x86_64 | 0.3.0 | 11.00 | 114.00 | 125.00 | OK | |
r-oldrel-macos-arm64 | 0.3.0 | 48.00 | OK | |||
r-oldrel-macos-x86_64 | 0.3.0 | 94.00 | OK | |||
r-oldrel-windows-x86_64 | 0.3.0 | 12.00 | 139.00 | 151.00 | OK |
Version: 0.3.0
Check: data for non-ASCII characters
Result: NOTE
Note: found 2 marked UTF-8 strings
Flavors: r-devel-linux-x86_64-fedora-clang, r-devel-linux-x86_64-fedora-gcc