Last updated on 2025-02-21 02:52:26 CET.
Flavor | Version | Tinstall | Tcheck | Ttotal | Status | Flags |
---|---|---|---|---|---|---|
r-devel-linux-x86_64-debian-clang | 1.0.2 | 30.66 | 36.39 | 67.05 | NOTE | |
r-devel-linux-x86_64-debian-gcc | 1.0.2 | 27.41 | 28.86 | 56.27 | NOTE | |
r-devel-linux-x86_64-fedora-clang | 1.0.2 | 124.67 | NOTE | |||
r-devel-linux-x86_64-fedora-gcc | 1.0.2 | 141.57 | NOTE | |||
r-devel-macos-arm64 | 1.0.2 | 50.00 | NOTE | |||
r-devel-macos-x86_64 | 1.0.2 | 81.00 | NOTE | |||
r-devel-windows-x86_64 | 1.0.2 | 41.00 | 77.00 | 118.00 | NOTE | |
r-patched-linux-x86_64 | 1.0.2 | 36.90 | 34.29 | 71.19 | NOTE | |
r-release-linux-x86_64 | 1.0.2 | 37.36 | 34.17 | 71.53 | NOTE | |
r-release-macos-arm64 | 1.0.2 | 48.00 | NOTE | |||
r-release-macos-x86_64 | 1.0.2 | 62.00 | NOTE | |||
r-release-windows-x86_64 | 1.0.2 | 39.00 | 78.00 | 117.00 | NOTE | |
r-oldrel-macos-arm64 | 1.0.2 | 52.00 | NOTE | |||
r-oldrel-macos-x86_64 | 1.0.2 | 95.00 | NOTE | |||
r-oldrel-windows-x86_64 | 1.0.2 | 47.00 | 122.00 | 169.00 | NOTE |
Version: 1.0.2
Check: C++ specification
Result: NOTE
Specified C++11: please drop specification unless essential
Flavors: r-devel-linux-x86_64-debian-clang, r-devel-linux-x86_64-debian-gcc, r-devel-linux-x86_64-fedora-clang, r-devel-linux-x86_64-fedora-gcc, r-devel-macos-arm64, r-devel-macos-x86_64, r-devel-windows-x86_64, r-patched-linux-x86_64, r-release-linux-x86_64, r-release-macos-arm64, r-release-macos-x86_64, r-release-windows-x86_64, r-oldrel-macos-arm64, r-oldrel-macos-x86_64, r-oldrel-windows-x86_64
Version: 1.0.2
Check: installed package size
Result: NOTE
installed size is 6.9Mb
sub-directories of 1Mb or more:
libs 6.6Mb
Flavors: r-release-macos-arm64, r-release-macos-x86_64, r-oldrel-macos-arm64, r-oldrel-macos-x86_64