Last updated on 2025-02-21 02:52:26 CET.
Flavor | Version | Tinstall | Tcheck | Ttotal | Status | Flags |
---|---|---|---|---|---|---|
r-devel-linux-x86_64-debian-clang | 0.1.5 | 6.68 | 45.40 | 52.08 | NOTE | |
r-devel-linux-x86_64-debian-gcc | 0.1.5 | 4.26 | 33.48 | 37.74 | NOTE | |
r-devel-linux-x86_64-fedora-clang | 0.1.5 | 84.43 | NOTE | |||
r-devel-linux-x86_64-fedora-gcc | 0.1.5 | 82.66 | NOTE | |||
r-devel-macos-arm64 | 0.1.5 | 28.00 | NOTE | |||
r-devel-macos-x86_64 | 0.1.5 | 49.00 | NOTE | |||
r-devel-windows-x86_64 | 0.1.5 | 9.00 | 62.00 | 71.00 | NOTE | |
r-patched-linux-x86_64 | 0.1.5 | 5.53 | 42.63 | 48.16 | NOTE | |
r-release-linux-x86_64 | 0.1.5 | 6.68 | 42.33 | 49.01 | NOTE | |
r-release-macos-arm64 | 0.1.5 | 28.00 | NOTE | |||
r-release-macos-x86_64 | 0.1.5 | 39.00 | NOTE | |||
r-release-windows-x86_64 | 0.1.5 | 8.00 | 60.00 | 68.00 | NOTE | |
r-oldrel-macos-arm64 | 0.1.5 | 27.00 | OK | |||
r-oldrel-macos-x86_64 | 0.1.5 | 39.00 | OK | |||
r-oldrel-windows-x86_64 | 0.1.5 | 9.00 | 65.00 | 74.00 | OK |
Version: 0.1.5
Check: Rd files
Result: NOTE
checkRd: (-1) speech_recompiler.Rd:25: Lost braces; missing escapes or markup?
25 | The default compilation is that of \ code {speech_build (., compiler = TRUE}).
| ^
Flavors: r-devel-linux-x86_64-debian-clang, r-devel-linux-x86_64-debian-gcc, r-devel-linux-x86_64-fedora-clang, r-devel-linux-x86_64-fedora-gcc, r-devel-macos-arm64, r-devel-macos-x86_64, r-devel-windows-x86_64, r-patched-linux-x86_64, r-release-linux-x86_64, r-release-macos-arm64, r-release-macos-x86_64, r-release-windows-x86_64