Last updated on 2025-02-20 14:51:10 CET.
Flavor | Version | Tinstall | Tcheck | Ttotal | Status | Flags |
---|---|---|---|---|---|---|
r-devel-linux-x86_64-debian-clang | 1.0 | 93.59 | 25.70 | 119.29 | OK | |
r-devel-linux-x86_64-debian-gcc | 1.0 | 68.71 | 20.53 | 89.24 | OK | |
r-devel-linux-x86_64-fedora-clang | 1.0 | 246.75 | OK | |||
r-devel-linux-x86_64-fedora-gcc | 1.0 | 231.19 | OK | |||
r-devel-macos-arm64 | 1.0 | 47.00 | OK | |||
r-devel-macos-x86_64 | 1.0 | 56.00 | OK | |||
r-devel-windows-x86_64 | 1.0 | 97.00 | 70.00 | 167.00 | OK | |
r-patched-linux-x86_64 | 1.0 | 94.90 | 24.62 | 119.52 | OK | |
r-release-linux-x86_64 | 1.0 | 99.62 | 24.14 | 123.76 | OK | |
r-release-macos-arm64 | 1.0 | 51.00 | NOTE | |||
r-release-macos-x86_64 | 1.0 | 53.00 | NOTE | |||
r-release-windows-x86_64 | 1.0 | 99.00 | 71.00 | 170.00 | OK | |
r-oldrel-macos-arm64 | 1.0 | 63.00 | NOTE | |||
r-oldrel-macos-x86_64 | 1.0 | 71.00 | NOTE | |||
r-oldrel-windows-x86_64 | 1.0 | 118.00 | 103.00 | 221.00 | OK |
Version: 1.0
Check: installed package size
Result: NOTE
installed size is 7.0Mb
sub-directories of 1Mb or more:
libs 6.7Mb
Flavors: r-release-macos-arm64, r-release-macos-x86_64, r-oldrel-macos-arm64, r-oldrel-macos-x86_64