Last updated on 2025-05-19 14:49:43 CEST.
Flavor | Version | Tinstall | Tcheck | Ttotal | Status | Flags |
---|---|---|---|---|---|---|
r-devel-linux-x86_64-debian-clang | 1.5.1 | 3.18 | 33.93 | 37.11 | NOTE | |
r-devel-linux-x86_64-debian-gcc | 1.5.1 | 2.37 | 27.50 | 29.87 | NOTE | |
r-devel-linux-x86_64-fedora-clang | 1.5.1 | 56.99 | OK | |||
r-devel-linux-x86_64-fedora-gcc | 1.5.1 | 55.31 | OK | |||
r-devel-windows-x86_64 | 1.5.1 | 4.00 | 69.00 | 73.00 | OK | |
r-patched-linux-x86_64 | 1.5.1 | 3.35 | 31.74 | 35.09 | OK | |
r-release-linux-x86_64 | 1.5.1 | 2.42 | 32.56 | 34.98 | OK | |
r-release-macos-arm64 | 1.5.1 | 22.00 | OK | |||
r-release-macos-x86_64 | 1.5.1 | 33.00 | OK | |||
r-release-windows-x86_64 | 1.5.1 | 5.00 | 62.00 | 67.00 | OK | |
r-oldrel-macos-arm64 | 1.5.1 | 23.00 | OK | |||
r-oldrel-macos-x86_64 | 1.5.1 | 34.00 | OK | |||
r-oldrel-windows-x86_64 | 1.5.1 | 6.00 | 62.00 | 68.00 | OK |
Version: 1.5.1
Check: CRAN incoming feasibility
Result: NOTE
Maintainer: ‘Aaron Robotham <aaron.robotham@uwa.edu.au>’
No Authors@R field in DESCRIPTION.
Please add one, modifying
Authors@R: person(given = "Aaron",
family = "Robotham",
role = c("aut", "cre"),
email = "aaron.robotham@uwa.edu.au")
as necessary.
Flavors: r-devel-linux-x86_64-debian-clang, r-devel-linux-x86_64-debian-gcc