Last updated on 2025-02-21 02:52:26 CET.
Flavor | Version | Tinstall | Tcheck | Ttotal | Status | Flags |
---|---|---|---|---|---|---|
r-devel-linux-x86_64-debian-clang | 0.1.1 | 55.24 | 456.35 | 511.59 | OK | |
r-devel-linux-x86_64-debian-gcc | 0.1.1 | 38.63 | 330.63 | 369.26 | OK | |
r-devel-linux-x86_64-fedora-clang | 0.1.1 | 697.78 | OK | |||
r-devel-linux-x86_64-fedora-gcc | 0.1.1 | 816.34 | OK | |||
r-devel-macos-arm64 | 0.1.1 | 4.00 | ERROR | |||
r-devel-macos-x86_64 | 0.1.1 | 516.00 | OK | |||
r-devel-windows-x86_64 | 0.1.1 | 54.00 | 355.00 | 409.00 | OK | |
r-patched-linux-x86_64 | 0.1.1 | 49.91 | 404.70 | 454.61 | OK | |
r-release-linux-x86_64 | 0.1.1 | 45.83 | 400.53 | 446.36 | OK | |
r-release-macos-arm64 | 0.1.1 | 199.00 | OK | |||
r-release-macos-x86_64 | 0.1.1 | 578.00 | OK | |||
r-release-windows-x86_64 | 0.1.1 | 53.00 | 357.00 | 410.00 | OK | |
r-oldrel-macos-arm64 | 0.1.1 | 9.00 | ERROR | |||
r-oldrel-macos-x86_64 | 0.1.1 | 11.00 | ERROR | |||
r-oldrel-windows-x86_64 | 0.1.1 | 69.00 | 473.00 | 542.00 | OK |
Version: 0.1.1
Check: package dependencies
Result: ERROR
Package required but not available: ‘org.Hs.eg.db’
See section ‘The DESCRIPTION file’ in the ‘Writing R Extensions’
manual.
Flavor: r-devel-macos-arm64
Version: 0.1.1
Check: package dependencies
Result: ERROR
Package required but not available: ‘GSVA’
See section ‘The DESCRIPTION file’ in the ‘Writing R Extensions’
manual.
Flavors: r-oldrel-macos-arm64, r-oldrel-macos-x86_64