Last updated on 2025-02-21 02:52:26 CET.
Flavor | Version | Tinstall | Tcheck | Ttotal | Status | Flags |
---|---|---|---|---|---|---|
r-devel-linux-x86_64-debian-clang | 0.3.0 | 4.80 | 48.80 | 53.60 | OK | |
r-devel-linux-x86_64-debian-gcc | 0.3.0 | 0.33 | 1.54 | 1.87 | ERROR | |
r-devel-linux-x86_64-fedora-clang | 0.3.0 | 91.87 | OK | |||
r-devel-linux-x86_64-fedora-gcc | 0.3.0 | 81.02 | OK | |||
r-devel-macos-arm64 | 0.3.0 | 29.00 | OK | |||
r-devel-macos-x86_64 | 0.3.0 | 53.00 | OK | |||
r-devel-windows-x86_64 | 0.3.0 | 8.00 | 66.00 | 74.00 | OK | |
r-patched-linux-x86_64 | 0.3.0 | 4.94 | 45.83 | 50.77 | OK | |
r-release-linux-x86_64 | 0.3.0 | 4.58 | 45.95 | 50.53 | OK | |
r-release-macos-arm64 | 0.3.0 | 26.00 | OK | |||
r-release-macos-x86_64 | 0.3.0 | 39.00 | OK | |||
r-release-windows-x86_64 | 0.3.0 | 6.00 | 64.00 | 70.00 | OK | |
r-oldrel-macos-arm64 | 0.3.0 | 32.00 | OK | |||
r-oldrel-macos-x86_64 | 0.3.0 | 44.00 | OK | |||
r-oldrel-windows-x86_64 | 0.3.0 | 9.00 | 80.00 | 89.00 | OK |
Version: 0.3.0
Check: package dependencies
Result: ERROR
Package required but not available: ‘Rgraphviz’
See section ‘The DESCRIPTION file’ in the ‘Writing R Extensions’
manual.
Flavor: r-devel-linux-x86_64-debian-gcc