Last updated on 2025-02-21 02:52:26 CET.
Flavor | Version | Tinstall | Tcheck | Ttotal | Status | Flags |
---|---|---|---|---|---|---|
r-devel-linux-x86_64-debian-clang | 0.2.0 | 4.28 | 36.75 | 41.03 | NOTE | |
r-devel-linux-x86_64-debian-gcc | 0.2.0 | 2.88 | 27.49 | 30.37 | NOTE | |
r-devel-linux-x86_64-fedora-clang | 0.2.0 | 68.44 | NOTE | |||
r-devel-linux-x86_64-fedora-gcc | 0.2.0 | 61.68 | NOTE | |||
r-devel-macos-arm64 | 0.2.0 | 25.00 | OK | |||
r-devel-macos-x86_64 | 0.2.0 | 40.00 | NOTE | |||
r-devel-windows-x86_64 | 0.2.0 | 6.00 | 55.00 | 61.00 | NOTE | |
r-patched-linux-x86_64 | 0.2.0 | 4.21 | 34.00 | 38.21 | OK | |
r-release-linux-x86_64 | 0.2.0 | 4.08 | 33.96 | 38.04 | OK | |
r-release-macos-arm64 | 0.2.0 | 26.00 | OK | |||
r-release-macos-x86_64 | 0.2.0 | 36.00 | OK | |||
r-release-windows-x86_64 | 0.2.0 | 6.00 | 55.00 | 61.00 | OK | |
r-oldrel-macos-arm64 | 0.2.0 | 28.00 | OK | |||
r-oldrel-macos-x86_64 | 0.2.0 | 41.00 | OK | |||
r-oldrel-windows-x86_64 | 0.2.0 | 8.00 | 81.00 | 89.00 | OK |
Version: 0.2.0
Check: DESCRIPTION meta-information
Result: NOTE
Missing dependency on R >= 4.1.0 because package code uses the pipe
|> or function shorthand \(...) syntax added in R 4.1.0.
File(s) using such syntax:
‘classification.R’ ‘regression.R’ ‘staccuracy.R’ ‘unpackaged_utils.R’
Flavors: r-devel-linux-x86_64-debian-clang, r-devel-linux-x86_64-debian-gcc, r-devel-linux-x86_64-fedora-clang, r-devel-linux-x86_64-fedora-gcc, r-devel-macos-x86_64, r-devel-windows-x86_64