Last updated on 2025-02-21 02:52:26 CET.
Flavor | Version | Tinstall | Tcheck | Ttotal | Status | Flags |
---|---|---|---|---|---|---|
r-devel-linux-x86_64-debian-clang | 1.2.2 | 62.43 | 38.02 | 100.45 | OK | |
r-devel-linux-x86_64-debian-gcc | 1.2.2 | 52.76 | 33.21 | 85.97 | OK | |
r-devel-linux-x86_64-fedora-clang | 1.2.2 | 174.84 | OK | |||
r-devel-linux-x86_64-fedora-gcc | 1.2.2 | 194.55 | OK | |||
r-devel-macos-arm64 | 1.2.2 | 50.00 | OK | |||
r-devel-macos-x86_64 | 1.2.2 | 107.00 | OK | |||
r-devel-windows-x86_64 | 1.2.2 | 57.00 | 76.00 | 133.00 | OK | |
r-patched-linux-x86_64 | 1.2.2 | 66.94 | 42.73 | 109.67 | OK | |
r-release-linux-x86_64 | 1.2.2 | 70.52 | 42.79 | 113.31 | OK | |
r-release-macos-arm64 | 1.2.2 | 52.00 | NOTE | |||
r-release-macos-x86_64 | 1.2.2 | 133.00 | NOTE | |||
r-release-windows-x86_64 | 1.2.2 | 61.00 | 78.00 | 139.00 | OK | |
r-oldrel-macos-arm64 | 1.2.2 | 53.00 | NOTE | |||
r-oldrel-macos-x86_64 | 1.2.2 | 127.00 | NOTE | |||
r-oldrel-windows-x86_64 | 1.2.2 | 75.00 | 96.00 | 171.00 | OK |
Version: 1.2.2
Check: installed package size
Result: NOTE
installed size is 35.7Mb
sub-directories of 1Mb or more:
libs 35.1Mb
Flavors: r-release-macos-arm64, r-release-macos-x86_64, r-oldrel-macos-arm64, r-oldrel-macos-x86_64