Last updated on 2025-02-21 02:52:26 CET.
Flavor | Version | Tinstall | Tcheck | Ttotal | Status | Flags |
---|---|---|---|---|---|---|
r-devel-linux-x86_64-debian-clang | 1.0.0 | 2.16 | 38.01 | 40.17 | NOTE | |
r-devel-linux-x86_64-debian-gcc | 1.0.0 | 1.67 | 28.68 | 30.35 | NOTE | |
r-devel-linux-x86_64-fedora-clang | 1.0.0 | 66.74 | NOTE | |||
r-devel-linux-x86_64-fedora-gcc | 1.0.0 | 74.97 | NOTE | |||
r-devel-macos-arm64 | 1.0.0 | 28.00 | OK | |||
r-devel-macos-x86_64 | 1.0.0 | 51.00 | NOTE | |||
r-devel-windows-x86_64 | 1.0.0 | 4.00 | 61.00 | 65.00 | NOTE | |
r-patched-linux-x86_64 | 1.0.0 | 2.25 | 35.91 | 38.16 | OK | |
r-release-linux-x86_64 | 1.0.0 | 2.09 | 36.10 | 38.19 | OK | |
r-release-macos-arm64 | 1.0.0 | 27.00 | OK | |||
r-release-macos-x86_64 | 1.0.0 | 41.00 | OK | |||
r-release-windows-x86_64 | 1.0.0 | 4.00 | 58.00 | 62.00 | OK | |
r-oldrel-macos-arm64 | 1.0.0 | 45.00 | OK | |||
r-oldrel-macos-x86_64 | 1.0.0 | 73.00 | OK | |||
r-oldrel-windows-x86_64 | 1.0.0 | 5.00 | 61.00 | 66.00 | OK |
Version: 1.0.0
Check: DESCRIPTION meta-information
Result: NOTE
Missing dependency on R >= 4.1.0 because package code uses the pipe
|> or function shorthand \(...) syntax added in R 4.1.0.
File(s) using such syntax:
‘utils.R’
Flavors: r-devel-linux-x86_64-debian-clang, r-devel-linux-x86_64-debian-gcc, r-devel-linux-x86_64-fedora-clang, r-devel-linux-x86_64-fedora-gcc, r-devel-macos-x86_64, r-devel-windows-x86_64