Last updated on 2024-05-21 14:57:26 CEST.
Flavor | Version | Tinstall | Tcheck | Ttotal | Status | Flags |
---|---|---|---|---|---|---|
r-devel-linux-x86_64-debian-clang | 0.5.6 | 10.74 | 96.28 | 107.02 | NOTE | |
r-devel-linux-x86_64-debian-gcc | 0.5.6 | 8.40 | 72.33 | 80.73 | NOTE | |
r-devel-linux-x86_64-fedora-clang | 0.5.6 | 136.11 | NOTE | |||
r-devel-linux-x86_64-fedora-gcc | 0.5.6 | 127.31 | NOTE | |||
r-devel-windows-x86_64 | 0.5.6 | 12.00 | 84.00 | 96.00 | NOTE | |
r-patched-linux-x86_64 | 0.5.6 | 10.64 | 91.08 | 101.72 | NOTE | |
r-release-linux-x86_64 | 0.5.6 | 11.35 | 91.64 | 102.99 | NOTE | |
r-release-macos-arm64 | 0.5.6 | 37.00 | NOTE | |||
r-release-windows-x86_64 | 0.5.6 | 10.00 | 84.00 | 94.00 | NOTE | |
r-oldrel-macos-arm64 | 0.5.6 | 40.00 | NOTE | |||
r-oldrel-macos-x86_64 | 0.5.6 | 68.00 | NOTE | |||
r-oldrel-windows-x86_64 | 0.5.6 | 13.00 | 98.00 | 111.00 | NOTE |
Version: 0.5.6
Check: LazyData
Result: NOTE
'LazyData' is specified without a 'data' directory
Flavors: r-devel-linux-x86_64-debian-clang, r-devel-linux-x86_64-debian-gcc, r-devel-linux-x86_64-fedora-clang, r-devel-linux-x86_64-fedora-gcc, r-devel-windows-x86_64, r-patched-linux-x86_64, r-release-linux-x86_64, r-release-macos-arm64, r-release-windows-x86_64, r-oldrel-macos-arm64, r-oldrel-macos-x86_64, r-oldrel-windows-x86_64