Last updated on 2025-05-19 14:49:43 CEST.
Flavor | Version | Tinstall | Tcheck | Ttotal | Status | Flags |
---|---|---|---|---|---|---|
r-devel-linux-x86_64-debian-clang | 0.0.5 | 14.09 | 24.19 | 38.28 | NOTE | |
r-devel-linux-x86_64-debian-gcc | 0.0.5 | 12.00 | 19.38 | 31.38 | NOTE | |
r-devel-linux-x86_64-fedora-clang | 0.0.5 | 62.75 | OK | |||
r-devel-linux-x86_64-fedora-gcc | 0.0.5 | 68.83 | OK | |||
r-devel-windows-x86_64 | 0.0.5 | 17.00 | 73.00 | 90.00 | OK | |
r-patched-linux-x86_64 | 0.0.5 | 15.58 | 22.14 | 37.72 | OK | |
r-release-linux-x86_64 | 0.0.5 | 15.17 | 22.24 | 37.41 | OK | |
r-release-macos-arm64 | 0.0.5 | 27.00 | OK | |||
r-release-macos-x86_64 | 0.0.5 | 40.00 | OK | |||
r-release-windows-x86_64 | 0.0.5 | 21.00 | 80.00 | 101.00 | OK | |
r-oldrel-macos-arm64 | 0.0.5 | 23.00 | OK | |||
r-oldrel-macos-x86_64 | 0.0.5 | 33.00 | OK | |||
r-oldrel-windows-x86_64 | 0.0.5 | 17.00 | 74.00 | 91.00 | OK |
Version: 0.0.5
Check: CRAN incoming feasibility
Result: NOTE
Maintainer: ‘Marco Giuliano <mgiuliano.mail@gmail.com>’
No Authors@R field in DESCRIPTION.
Please add one, modifying
Authors@R: person(given = "Marco",
family = "Giuliano",
role = c("aut", "cre"),
email = "mgiuliano.mail@gmail.com")
as necessary.
Flavors: r-devel-linux-x86_64-debian-clang, r-devel-linux-x86_64-debian-gcc