Last updated on 2025-02-21 02:52:26 CET.
Flavor | Version | Tinstall | Tcheck | Ttotal | Status | Flags |
---|---|---|---|---|---|---|
r-devel-linux-x86_64-debian-clang | 0.5.6.1 | 1.66 | 25.41 | 27.07 | OK | |
r-devel-linux-x86_64-debian-gcc | 0.5.6.1 | 1.43 | 20.32 | 21.75 | OK | |
r-devel-linux-x86_64-fedora-clang | 0.5.6.1 | 46.17 | OK | |||
r-devel-linux-x86_64-fedora-gcc | 0.5.6.1 | 54.86 | OK | |||
r-devel-macos-arm64 | 0.5.6.1 | 24.00 | OK | |||
r-devel-macos-x86_64 | 0.5.6.1 | 41.00 | OK | |||
r-devel-windows-x86_64 | 0.5.6.1 | 3.00 | 46.00 | 49.00 | OK | |
r-patched-linux-x86_64 | 0.5.6.1 | 1.48 | 24.15 | 25.63 | NOTE | |
r-release-linux-x86_64 | 0.5.6.1 | 1.61 | 24.14 | 25.75 | NOTE | |
r-release-macos-arm64 | 0.5.6.1 | 28.00 | NOTE | |||
r-release-macos-x86_64 | 0.5.6.1 | 53.00 | NOTE | |||
r-release-windows-x86_64 | 0.5.6.1 | 3.00 | 48.00 | 51.00 | NOTE | |
r-oldrel-macos-arm64 | 0.5.6.1 | 23.00 | NOTE | |||
r-oldrel-macos-x86_64 | 0.5.6.1 | 34.00 | NOTE | |||
r-oldrel-windows-x86_64 | 0.5.6.1 | 4.00 | 48.00 | 52.00 | NOTE |
Version: 0.5.6.1
Check: LazyData
Result: NOTE
'LazyData' is specified without a 'data' directory
Flavors: r-patched-linux-x86_64, r-release-linux-x86_64, r-release-macos-arm64, r-release-macos-x86_64, r-release-windows-x86_64, r-oldrel-macos-arm64, r-oldrel-macos-x86_64, r-oldrel-windows-x86_64