CRAN Package Check Results for Package stm

Last updated on 2025-05-08 02:51:10 CEST.

Flavor Version Tinstall Tcheck Ttotal Status Flags
r-devel-linux-x86_64-debian-clang 1.3.7 36.60 227.08 263.68 NOTE
r-devel-linux-x86_64-debian-gcc 1.3.7 25.45 150.55 176.00 NOTE
r-devel-linux-x86_64-fedora-clang 1.3.7 445.09 OK
r-devel-linux-x86_64-fedora-gcc 1.3.7 438.95 OK
r-devel-windows-x86_64 1.3.7 42.00 285.00 327.00 NOTE
r-patched-linux-x86_64 1.3.7 35.31 214.65 249.96 NOTE
r-release-linux-x86_64 1.3.7 32.42 215.45 247.87 NOTE
r-release-macos-arm64 1.3.7 140.00 OK
r-release-macos-x86_64 1.3.7 285.00 OK
r-release-windows-x86_64 1.3.7 40.00 295.00 335.00 NOTE
r-oldrel-macos-arm64 1.3.7 124.00 NOTE
r-oldrel-macos-x86_64 1.3.7 196.00 NOTE
r-oldrel-windows-x86_64 1.3.7 51.00 359.00 410.00 OK

Check Details

Version: 1.3.7
Check: Rd cross-references
Result: NOTE Found the following Rd file(s) with Rd \link{} targets missing package anchors: labelTopics.Rd: lda topicLasso.Rd: glmnet, cv.glmnet Please provide package anchors for all Rd \link{} targets not in the package itself and the base packages. Flavors: r-devel-linux-x86_64-debian-clang, r-devel-linux-x86_64-debian-gcc, r-devel-windows-x86_64, r-patched-linux-x86_64, r-release-linux-x86_64, r-release-windows-x86_64

Version: 1.3.7
Check: installed package size
Result: NOTE installed size is 5.3Mb sub-directories of 1Mb or more: data 1.7Mb libs 2.4Mb Flavors: r-oldrel-macos-arm64, r-oldrel-macos-x86_64