Last updated on 2025-02-21 02:52:26 CET.
Flavor | Version | Tinstall | Tcheck | Ttotal | Status | Flags |
---|---|---|---|---|---|---|
r-devel-linux-x86_64-debian-clang | 1.2.5 | 7.84 | 53.97 | 61.81 | NOTE | |
r-devel-linux-x86_64-debian-gcc | 1.2.5 | 5.23 | 38.37 | 43.60 | NOTE | |
r-devel-linux-x86_64-fedora-clang | 1.2.5 | 109.63 | OK | |||
r-devel-linux-x86_64-fedora-gcc | 1.2.5 | 109.72 | OK | |||
r-devel-macos-arm64 | 1.2.5 | 41.00 | OK | |||
r-devel-macos-x86_64 | 1.2.5 | 79.00 | OK | |||
r-devel-windows-x86_64 | 1.2.5 | 10.00 | 83.00 | 93.00 | NOTE | |
r-patched-linux-x86_64 | 1.2.5 | 8.54 | 50.31 | 58.85 | NOTE | |
r-release-linux-x86_64 | 1.2.5 | 7.53 | 51.32 | 58.85 | NOTE | |
r-release-macos-arm64 | 1.2.5 | 37.00 | NOTE | |||
r-release-macos-x86_64 | 1.2.5 | 61.00 | NOTE | |||
r-release-windows-x86_64 | 1.2.5 | 9.00 | 77.00 | 86.00 | NOTE | |
r-oldrel-macos-arm64 | 1.2.5 | 37.00 | NOTE | |||
r-oldrel-macos-x86_64 | 1.2.5 | 61.00 | NOTE | |||
r-oldrel-windows-x86_64 | 1.2.5 | 11.00 | 88.00 | 99.00 | NOTE |
Version: 1.2.5
Check: Rd cross-references
Result: NOTE
Found the following Rd file(s) with Rd \link{} targets missing package
anchors:
storr.Rd: R6Class
storr_dbi.Rd: digest
storr_environment.Rd: digest
storr_rds.Rd: digest
Please provide package anchors for all Rd \link{} targets not in the
package itself and the base packages.
Flavors: r-devel-linux-x86_64-debian-clang, r-devel-linux-x86_64-debian-gcc, r-devel-windows-x86_64
Version: 1.2.5
Check: LazyData
Result: NOTE
'LazyData' is specified without a 'data' directory
Flavors: r-patched-linux-x86_64, r-release-linux-x86_64, r-release-macos-arm64, r-release-macos-x86_64, r-release-windows-x86_64, r-oldrel-macos-arm64, r-oldrel-macos-x86_64, r-oldrel-windows-x86_64