Last updated on 2025-02-21 02:52:26 CET.
Flavor | Version | Tinstall | Tcheck | Ttotal | Status | Flags |
---|---|---|---|---|---|---|
r-devel-linux-x86_64-debian-clang | 0.0.92 | 13.72 | 21.81 | 35.53 | OK | |
r-devel-linux-x86_64-debian-gcc | 0.0.92 | 11.48 | 17.69 | 29.17 | OK | |
r-devel-linux-x86_64-fedora-clang | 0.0.92 | 63.96 | OK | |||
r-devel-linux-x86_64-fedora-gcc | 0.0.92 | 61.90 | OK | |||
r-devel-macos-arm64 | 0.0.92 | 22.00 | OK | |||
r-devel-macos-x86_64 | 0.0.92 | 37.00 | OK | |||
r-devel-windows-x86_64 | 0.0.92 | 22.00 | 140.00 | 162.00 | OK | |
r-patched-linux-x86_64 | 0.0.92 | 15.27 | 20.49 | 35.76 | OK | |
r-release-linux-x86_64 | 0.0.92 | 15.10 | 20.52 | 35.62 | OK | |
r-release-macos-arm64 | 0.0.92 | 24.00 | OK | |||
r-release-macos-x86_64 | 0.0.92 | 54.00 | OK | |||
r-release-windows-x86_64 | 0.0.92 | 23.00 | 134.00 | 157.00 | NOTE | |
r-oldrel-macos-arm64 | 0.0.92 | 31.00 | OK | |||
r-oldrel-macos-x86_64 | 0.0.92 | 49.00 | OK | |||
r-oldrel-windows-x86_64 | 0.0.92 | 23.00 | 144.00 | 167.00 | NOTE |
Version: 0.0.92
Check: installed package size
Result: NOTE
installed size is 11.3Mb
sub-directories of 1Mb or more:
libs 10.6Mb
Flavors: r-release-windows-x86_64, r-oldrel-windows-x86_64