Last updated on 2025-02-21 02:52:26 CET.
Flavor | Version | Tinstall | Tcheck | Ttotal | Status | Flags |
---|---|---|---|---|---|---|
r-devel-linux-x86_64-debian-clang | 1.3 | 9.23 | 76.96 | 86.19 | NOTE | |
r-devel-linux-x86_64-debian-gcc | 1.3 | 6.36 | 57.18 | 63.54 | NOTE | |
r-devel-linux-x86_64-fedora-clang | 1.3 | 167.66 | NOTE | |||
r-devel-linux-x86_64-fedora-gcc | 1.3 | 162.00 | NOTE | |||
r-devel-macos-arm64 | 1.3 | 55.00 | NOTE | |||
r-devel-macos-x86_64 | 1.3 | 120.00 | NOTE | |||
r-devel-windows-x86_64 | 1.3 | 12.00 | 126.00 | 138.00 | NOTE | |
r-patched-linux-x86_64 | 1.3 | 9.09 | 74.73 | 83.82 | NOTE | |
r-release-linux-x86_64 | 1.3 | 9.06 | 73.70 | 82.76 | NOTE | |
r-release-macos-arm64 | 1.3 | 51.00 | NOTE | |||
r-release-macos-x86_64 | 1.3 | 80.00 | NOTE | |||
r-release-windows-x86_64 | 1.3 | 12.00 | 130.00 | 142.00 | NOTE | |
r-oldrel-macos-arm64 | 1.3 | 59.00 | NOTE | |||
r-oldrel-macos-x86_64 | 1.3 | 91.00 | NOTE | |||
r-oldrel-windows-x86_64 | 1.3 | 14.00 | 139.00 | 153.00 | NOTE |
Version: 1.3
Check: C++ specification
Result: NOTE
Specified C++11: please drop specification unless essential
Flavors: r-devel-linux-x86_64-debian-clang, r-devel-linux-x86_64-debian-gcc, r-devel-linux-x86_64-fedora-clang, r-devel-linux-x86_64-fedora-gcc, r-devel-macos-arm64, r-devel-macos-x86_64, r-devel-windows-x86_64, r-patched-linux-x86_64, r-release-linux-x86_64, r-release-macos-arm64, r-release-macos-x86_64, r-release-windows-x86_64, r-oldrel-macos-arm64, r-oldrel-macos-x86_64, r-oldrel-windows-x86_64