Last updated on 2024-05-21 14:57:26 CEST.
Flavor | Version | Tinstall | Tcheck | Ttotal | Status | Flags |
---|---|---|---|---|---|---|
r-devel-linux-x86_64-debian-clang | 1.3 | 20.20 | 115.70 | 135.90 | NOTE | |
r-devel-linux-x86_64-debian-gcc | 1.3 | 12.88 | 79.46 | 92.34 | NOTE | |
r-devel-linux-x86_64-fedora-clang | 1.3 | 187.97 | NOTE | |||
r-devel-linux-x86_64-fedora-gcc | 1.3 | 201.01 | NOTE | |||
r-devel-windows-x86_64 | 1.3 | 16.00 | 140.00 | 156.00 | NOTE | |
r-patched-linux-x86_64 | 1.3 | 19.53 | 116.49 | 136.02 | NOTE | |
r-release-linux-x86_64 | 1.3 | 15.91 | 116.95 | 132.86 | NOTE | |
r-release-macos-arm64 | 1.3 | 51.00 | NOTE | |||
r-release-windows-x86_64 | 1.3 | 17.00 | 143.00 | 160.00 | NOTE | |
r-oldrel-macos-arm64 | 1.3 | 59.00 | NOTE | |||
r-oldrel-macos-x86_64 | 1.3 | 91.00 | NOTE | |||
r-oldrel-windows-x86_64 | 1.3 | 20.00 | 153.00 | 173.00 | NOTE |
Version: 1.3
Check: C++ specification
Result: NOTE
Specified C++11: please drop specification unless essential
Flavors: r-devel-linux-x86_64-debian-clang, r-devel-linux-x86_64-debian-gcc, r-devel-linux-x86_64-fedora-clang, r-devel-linux-x86_64-fedora-gcc, r-devel-windows-x86_64, r-patched-linux-x86_64, r-release-linux-x86_64, r-release-macos-arm64, r-release-windows-x86_64, r-oldrel-macos-arm64, r-oldrel-macos-x86_64, r-oldrel-windows-x86_64