Last updated on 2025-02-20 14:51:10 CET.
Flavor | Version | Tinstall | Tcheck | Ttotal | Status | Flags |
---|---|---|---|---|---|---|
r-devel-linux-x86_64-debian-clang | 3.0.7 | 8.01 | 69.43 | 77.44 | OK | |
r-devel-linux-x86_64-debian-gcc | 3.0.7 | 5.52 | 51.74 | 57.26 | OK | |
r-devel-linux-x86_64-fedora-clang | 3.0.7 | 131.04 | NOTE | |||
r-devel-linux-x86_64-fedora-gcc | 3.0.7 | 132.54 | NOTE | |||
r-devel-macos-arm64 | 3.0.7 | 43.00 | OK | |||
r-devel-macos-x86_64 | 3.0.7 | 82.00 | OK | |||
r-devel-windows-x86_64 | 3.0.7 | 9.00 | 80.00 | 89.00 | OK | |
r-patched-linux-x86_64 | 3.0.7 | 8.26 | 66.00 | 74.26 | OK | |
r-release-linux-x86_64 | 3.0.7 | 7.68 | 64.59 | 72.27 | OK | |
r-release-macos-arm64 | 3.0.7 | 42.00 | OK | |||
r-release-macos-x86_64 | 3.0.7 | 66.00 | OK | |||
r-release-windows-x86_64 | 3.0.7 | 10.00 | 80.00 | 90.00 | OK | |
r-oldrel-macos-arm64 | 3.0.7 | 46.00 | OK | |||
r-oldrel-macos-x86_64 | 3.0.7 | 74.00 | OK | |||
r-oldrel-windows-x86_64 | 3.0.7 | 12.00 | 95.00 | 107.00 | OK |
Version: 3.0.7
Check: dependencies in R code
Result: NOTE
Namespaces in Imports field not imported from:
‘DT’ ‘bsplus’ ‘colourpicker’ ‘grDevices’ ‘graphics’ ‘jsonlite’
‘purrr’ ‘shinyjs’
All declared Imports should be used.
Flavors: r-devel-linux-x86_64-fedora-clang, r-devel-linux-x86_64-fedora-gcc