CRAN Package Check Results for Package suddengains

Last updated on 2025-02-21 02:52:26 CET.

Flavor Version Tinstall Tcheck Ttotal Status Flags
r-devel-linux-x86_64-debian-clang 0.7.2 7.22 105.23 112.45 NOTE
r-devel-linux-x86_64-debian-gcc 0.7.2 5.37 68.78 74.15 NOTE
r-devel-linux-x86_64-fedora-clang 0.7.2 189.58 NOTE
r-devel-linux-x86_64-fedora-gcc 0.7.2 182.32 NOTE
r-devel-macos-arm64 0.7.2 66.00 NOTE
r-devel-macos-x86_64 0.7.2 152.00 NOTE
r-devel-windows-x86_64 0.7.2 8.00 108.00 116.00 NOTE
r-patched-linux-x86_64 0.7.2 7.99 96.76 104.75 NOTE
r-release-linux-x86_64 0.7.2 6.87 96.17 103.04 NOTE
r-release-macos-arm64 0.7.2 55.00 NOTE
r-release-macos-x86_64 0.7.2 102.00 NOTE
r-release-windows-x86_64 0.7.2 8.00 110.00 118.00 NOTE
r-oldrel-macos-arm64 0.7.2 60.00 OK
r-oldrel-macos-x86_64 0.7.2 94.00 OK
r-oldrel-windows-x86_64 0.7.2 10.00 130.00 140.00 OK

Check Details

Version: 0.7.2
Check: Rd files
Result: NOTE checkRd: (-1) count_intervals.Rd:22: Lost braces in \itemize; \value handles \item{}{} directly checkRd: (-1) count_intervals.Rd:23: Lost braces in \itemize; \value handles \item{}{} directly checkRd: (-1) count_intervals.Rd:24: Lost braces in \itemize; \value handles \item{}{} directly checkRd: (-1) count_intervals.Rd:25: Lost braces in \itemize; \value handles \item{}{} directly checkRd: (-1) describe_sg.Rd:19: Lost braces in \itemize; \value handles \item{}{} directly checkRd: (-1) describe_sg.Rd:20: Lost braces in \itemize; \value handles \item{}{} directly checkRd: (-1) describe_sg.Rd:21: Lost braces in \itemize; \value handles \item{}{} directly checkRd: (-1) describe_sg.Rd:22: Lost braces in \itemize; \value handles \item{}{} directly checkRd: (-1) describe_sg.Rd:23: Lost braces in \itemize; \value handles \item{}{} directly checkRd: (-1) describe_sg.Rd:24: Lost braces in \itemize; \value handles \item{}{} directly checkRd: (-1) describe_sg.Rd:25: Lost braces in \itemize; \value handles \item{}{} directly checkRd: (-1) describe_sg.Rd:26: Lost braces in \itemize; \value handles \item{}{} directly checkRd: (-1) describe_sg.Rd:27: Lost braces in \itemize; \value handles \item{}{} directly checkRd: (-1) describe_sg.Rd:28: Lost braces in \itemize; \value handles \item{}{} directly checkRd: (-1) sgdata.Rd:10: Lost braces in \itemize; meant \describe ? checkRd: (-1) sgdata.Rd:11: Lost braces in \itemize; meant \describe ? checkRd: (-1) sgdata.Rd:12: Lost braces in \itemize; meant \describe ? checkRd: (-1) sgdata.Rd:13: Lost braces in \itemize; meant \describe ? checkRd: (-1) sgdata.Rd:14: Lost braces in \itemize; meant \describe ? checkRd: (-1) sgdata.Rd:15: Lost braces in \itemize; meant \describe ? checkRd: (-1) sgdata.Rd:16: Lost braces in \itemize; meant \describe ? checkRd: (-1) sgdata.Rd:17: Lost braces in \itemize; meant \describe ? checkRd: (-1) sgdata.Rd:18: Lost braces in \itemize; meant \describe ? checkRd: (-1) sgdata.Rd:19: Lost braces in \itemize; meant \describe ? checkRd: (-1) sgdata.Rd:20: Lost braces in \itemize; meant \describe ? checkRd: (-1) sgdata.Rd:21: Lost braces in \itemize; meant \describe ? checkRd: (-1) sgdata.Rd:22: Lost braces in \itemize; meant \describe ? checkRd: (-1) sgdata.Rd:23: Lost braces in \itemize; meant \describe ? checkRd: (-1) sgdata.Rd:24: Lost braces in \itemize; meant \describe ? checkRd: (-1) sgdata.Rd:25: Lost braces in \itemize; meant \describe ? checkRd: (-1) sgdata.Rd:26: Lost braces in \itemize; meant \describe ? checkRd: (-1) sgdata.Rd:27: Lost braces in \itemize; meant \describe ? checkRd: (-1) sgdata.Rd:28: Lost braces in \itemize; meant \describe ? checkRd: (-1) sgdata.Rd:29: Lost braces in \itemize; meant \describe ? checkRd: (-1) sgdata.Rd:30: Lost braces in \itemize; meant \describe ? checkRd: (-1) sgdata.Rd:31: Lost braces in \itemize; meant \describe ? checkRd: (-1) sgdata.Rd:32: Lost braces in \itemize; meant \describe ? checkRd: (-1) sgdata.Rd:33: Lost braces in \itemize; meant \describe ? checkRd: (-1) sgdata.Rd:34: Lost braces in \itemize; meant \describe ? checkRd: (-1) sgdata.Rd:35: Lost braces in \itemize; meant \describe ? checkRd: (-1) sgdata.Rd:36: Lost braces in \itemize; meant \describe ? checkRd: (-1) sgdata.Rd:37: Lost braces in \itemize; meant \describe ? checkRd: (-1) sgdata.Rd:38: Lost braces in \itemize; meant \describe ? checkRd: (-1) sgdata.Rd:39: Lost braces in \itemize; meant \describe ? checkRd: (-1) sgdata.Rd:40: Lost braces in \itemize; meant \describe ? checkRd: (-1) sgdata_bad.Rd:10: Lost braces in \itemize; meant \describe ? checkRd: (-1) sgdata_bad.Rd:11: Lost braces in \itemize; meant \describe ? checkRd: (-1) sgdata_bad.Rd:12: Lost braces in \itemize; meant \describe ? checkRd: (-1) sgdata_bad.Rd:13: Lost braces in \itemize; meant \describe ? checkRd: (-1) sgdata_bad.Rd:14: Lost braces in \itemize; meant \describe ? checkRd: (-1) sgdata_bad.Rd:15: Lost braces in \itemize; meant \describe ? checkRd: (-1) sgdata_bad.Rd:16: Lost braces in \itemize; meant \describe ? checkRd: (-1) sgdata_bad.Rd:17: Lost braces in \itemize; meant \describe ? checkRd: (-1) sgdata_bad.Rd:18: Lost braces in \itemize; meant \describe ? checkRd: (-1) sgdata_bad.Rd:19: Lost braces in \itemize; meant \describe ? checkRd: (-1) sgdata_bad.Rd:20: Lost braces in \itemize; meant \describe ? checkRd: (-1) sgdata_bad.Rd:21: Lost braces in \itemize; meant \describe ? checkRd: (-1) sgdata_bad.Rd:22: Lost braces in \itemize; meant \describe ? checkRd: (-1) sgdata_bad.Rd:23: Lost braces in \itemize; meant \describe ? checkRd: (-1) sgdata_bad.Rd:24: Lost braces in \itemize; meant \describe ? checkRd: (-1) sgdata_bad.Rd:25: Lost braces in \itemize; meant \describe ? checkRd: (-1) sgdata_bad.Rd:26: Lost braces in \itemize; meant \describe ? checkRd: (-1) sgdata_bad.Rd:27: Lost braces in \itemize; meant \describe ? checkRd: (-1) sgdata_bad.Rd:28: Lost braces in \itemize; meant \describe ? checkRd: (-1) sgdata_bad.Rd:29: Lost braces in \itemize; meant \describe ? checkRd: (-1) sgdata_bad.Rd:30: Lost braces in \itemize; meant \describe ? checkRd: (-1) sgdata_bad.Rd:31: Lost braces in \itemize; meant \describe ? checkRd: (-1) sgdata_bad.Rd:32: Lost braces in \itemize; meant \describe ? checkRd: (-1) sgdata_bad.Rd:33: Lost braces in \itemize; meant \describe ? checkRd: (-1) sgdata_bad.Rd:34: Lost braces in \itemize; meant \describe ? checkRd: (-1) sgdata_bad.Rd:35: Lost braces in \itemize; meant \describe ? checkRd: (-1) sgdata_bad.Rd:36: Lost braces in \itemize; meant \describe ? checkRd: (-1) sgdata_bad.Rd:37: Lost braces in \itemize; meant \describe ? checkRd: (-1) sgdata_bad.Rd:38: Lost braces in \itemize; meant \describe ? checkRd: (-1) sgdata_bad.Rd:39: Lost braces in \itemize; meant \describe ? checkRd: (-1) sgdata_bad.Rd:40: Lost braces in \itemize; meant \describe ? Flavors: r-devel-linux-x86_64-debian-clang, r-devel-linux-x86_64-debian-gcc, r-devel-linux-x86_64-fedora-clang, r-devel-linux-x86_64-fedora-gcc, r-devel-macos-arm64, r-devel-macos-x86_64, r-devel-windows-x86_64, r-patched-linux-x86_64, r-release-linux-x86_64, r-release-macos-arm64, r-release-macos-x86_64, r-release-windows-x86_64

Version: 0.7.2
Check: dependencies in R code
Result: NOTE Namespace in Imports field not imported from: ‘cli’ All declared Imports should be used. Flavors: r-devel-linux-x86_64-fedora-clang, r-devel-linux-x86_64-fedora-gcc