Last updated on 2025-02-21 02:52:26 CET.
Flavor | Version | Tinstall | Tcheck | Ttotal | Status | Flags |
---|---|---|---|---|---|---|
r-devel-linux-x86_64-debian-clang | 0.1.0 | 1.74 | 18.62 | 20.36 | NOTE | |
r-devel-linux-x86_64-debian-gcc | 0.1.0 | 1.49 | 15.21 | 16.70 | NOTE | |
r-devel-linux-x86_64-fedora-clang | 0.1.0 | 33.86 | NOTE | |||
r-devel-linux-x86_64-fedora-gcc | 0.1.0 | 30.18 | NOTE | |||
r-devel-macos-arm64 | 0.1.0 | 14.00 | NOTE | |||
r-devel-macos-x86_64 | 0.1.0 | 23.00 | NOTE | |||
r-devel-windows-x86_64 | 0.1.0 | 2.00 | 41.00 | 43.00 | NOTE | |
r-patched-linux-x86_64 | 0.1.0 | 1.86 | 17.94 | 19.80 | NOTE | |
r-release-linux-x86_64 | 0.1.0 | 1.65 | 17.70 | 19.35 | NOTE | |
r-release-macos-arm64 | 0.1.0 | 14.00 | NOTE | |||
r-release-macos-x86_64 | 0.1.0 | 20.00 | NOTE | |||
r-release-windows-x86_64 | 0.1.0 | 3.00 | 40.00 | 43.00 | NOTE | |
r-oldrel-macos-arm64 | 0.1.0 | 17.00 | OK | |||
r-oldrel-macos-x86_64 | 0.1.0 | 34.00 | OK | |||
r-oldrel-windows-x86_64 | 0.1.0 | 3.00 | 68.00 | 71.00 | OK |
Version: 0.1.0
Check: Rd files
Result: NOTE
checkRd: (-1) suggests.Rd:14: Lost braces; missing escapes or markup?
14 | {suggests} aims to make that workflow as minimal and painless as possible,
| ^
Flavors: r-devel-linux-x86_64-debian-clang, r-devel-linux-x86_64-debian-gcc, r-devel-linux-x86_64-fedora-clang, r-devel-linux-x86_64-fedora-gcc, r-devel-macos-arm64, r-devel-macos-x86_64, r-devel-windows-x86_64, r-patched-linux-x86_64, r-release-linux-x86_64, r-release-macos-arm64, r-release-macos-x86_64, r-release-windows-x86_64