Last updated on 2024-05-21 14:57:26 CEST.
Flavor | Version | Tinstall | Tcheck | Ttotal | Status | Flags |
---|---|---|---|---|---|---|
r-devel-linux-x86_64-debian-clang | 1.0.1 | 22.97 | 141.81 | 164.78 | OK | |
r-devel-linux-x86_64-debian-gcc | 1.0.1 | 15.84 | 103.99 | 119.83 | OK | |
r-devel-linux-x86_64-fedora-clang | 1.0.1 | 212.72 | NOTE | |||
r-devel-linux-x86_64-fedora-gcc | 1.0.1 | 204.01 | NOTE | |||
r-devel-windows-x86_64 | 1.0.1 | 16.00 | 112.00 | 128.00 | OK | |
r-patched-linux-x86_64 | 1.0.1 | 21.65 | 136.50 | 158.15 | OK | |
r-release-linux-x86_64 | 1.0.1 | 22.42 | 137.54 | 159.96 | OK | |
r-release-macos-arm64 | 1.0.1 | 79.00 | OK | |||
r-release-windows-x86_64 | 1.0.1 | 16.00 | 114.00 | 130.00 | OK | |
r-oldrel-macos-arm64 | 1.0.1 | 57.00 | OK | |||
r-oldrel-macos-x86_64 | 1.0.1 | 107.00 | OK | |||
r-oldrel-windows-x86_64 | 1.0.1 | 19.00 | 130.00 | 149.00 | OK |
Version: 1.0.1
Check: data for non-ASCII characters
Result: NOTE
Note: found 78 marked UTF-8 strings
Flavors: r-devel-linux-x86_64-fedora-clang, r-devel-linux-x86_64-fedora-gcc