Last updated on 2025-02-21 02:52:26 CET.
Flavor | Version | Tinstall | Tcheck | Ttotal | Status | Flags |
---|---|---|---|---|---|---|
r-devel-linux-x86_64-debian-clang | 2.0.0 | 1.70 | 160.22 | 161.92 | OK | |
r-devel-linux-x86_64-debian-gcc | 2.0.0 | 1.41 | 107.01 | 108.42 | OK | |
r-devel-linux-x86_64-fedora-clang | 2.0.0 | 285.76 | OK | |||
r-devel-linux-x86_64-fedora-gcc | 2.0.0 | 262.33 | OK | |||
r-devel-macos-arm64 | 2.0.0 | 126.00 | OK | |||
r-devel-macos-x86_64 | 2.0.0 | 145.00 | OK | |||
r-devel-windows-x86_64 | 2.0.0 | 3.00 | 178.00 | 181.00 | OK | |
r-patched-linux-x86_64 | 2.0.0 | 2.00 | 153.35 | 155.35 | NOTE | |
r-release-linux-x86_64 | 2.0.0 | 1.95 | 154.38 | 156.33 | NOTE | |
r-release-macos-arm64 | 2.0.0 | 130.00 | NOTE | |||
r-release-macos-x86_64 | 2.0.0 | 149.00 | NOTE | |||
r-release-windows-x86_64 | 2.0.0 | 4.00 | 179.00 | 183.00 | NOTE | |
r-oldrel-macos-arm64 | 2.0.0 | 80.00 | NOTE | |||
r-oldrel-macos-x86_64 | 2.0.0 | 145.00 | NOTE | |||
r-oldrel-windows-x86_64 | 2.0.0 | 4.00 | 189.00 | 193.00 | NOTE |
Version: 2.0.0
Check: LazyData
Result: NOTE
'LazyData' is specified without a 'data' directory
Flavors: r-patched-linux-x86_64, r-release-linux-x86_64, r-release-macos-arm64, r-release-macos-x86_64, r-release-windows-x86_64, r-oldrel-macos-arm64, r-oldrel-macos-x86_64, r-oldrel-windows-x86_64