Last updated on 2025-02-21 02:52:26 CET.
Flavor | Version | Tinstall | Tcheck | Ttotal | Status | Flags |
---|---|---|---|---|---|---|
r-devel-linux-x86_64-debian-clang | 1.0.0 | 60.60 | 69.02 | 129.62 | OK | |
r-devel-linux-x86_64-debian-gcc | 1.0.0 | 42.55 | 48.56 | 91.11 | OK | |
r-devel-linux-x86_64-fedora-clang | 1.0.0 | 236.77 | OK | |||
r-devel-linux-x86_64-fedora-gcc | 1.0.0 | 227.72 | OK | |||
r-devel-macos-arm64 | 1.0.0 | 69.00 | OK | |||
r-devel-macos-x86_64 | 1.0.0 | 107.00 | OK | |||
r-devel-windows-x86_64 | 1.0.0 | 61.00 | 112.00 | 173.00 | OK | |
r-patched-linux-x86_64 | 1.0.0 | 55.37 | 66.63 | 122.00 | OK | |
r-release-linux-x86_64 | 1.0.0 | 57.02 | 67.06 | 124.08 | OK | |
r-release-macos-arm64 | 1.0.0 | 63.00 | NOTE | |||
r-release-macos-x86_64 | 1.0.0 | 83.00 | NOTE | |||
r-release-windows-x86_64 | 1.0.0 | 58.00 | 120.00 | 178.00 | OK | |
r-oldrel-macos-arm64 | 1.0.0 | 49.00 | NOTE | |||
r-oldrel-macos-x86_64 | 1.0.0 | 75.00 | NOTE | |||
r-oldrel-windows-x86_64 | 1.0.0 | 72.00 | 147.00 | 219.00 | OK |
Version: 1.0.0
Check: installed package size
Result: NOTE
installed size is 8.0Mb
sub-directories of 1Mb or more:
libs 7.4Mb
Flavors: r-release-macos-arm64, r-release-macos-x86_64, r-oldrel-macos-arm64, r-oldrel-macos-x86_64