Last updated on 2025-02-20 14:51:10 CET.
Flavor | Version | Tinstall | Tcheck | Ttotal | Status | Flags |
---|---|---|---|---|---|---|
r-devel-linux-x86_64-debian-clang | 1.0-5 | 10.15 | 91.10 | 101.25 | OK | |
r-devel-linux-x86_64-debian-gcc | 1.0-5 | 6.86 | 61.19 | 68.05 | OK | |
r-devel-linux-x86_64-fedora-clang | 1.0-5 | 164.56 | OK | |||
r-devel-linux-x86_64-fedora-gcc | 1.0-5 | 146.15 | OK | |||
r-devel-macos-arm64 | 1.0-5 | 43.00 | OK | |||
r-devel-macos-x86_64 | 1.0-5 | 87.00 | OK | |||
r-devel-windows-x86_64 | 1.0-5 | 11.00 | 90.00 | 101.00 | OK | |
r-patched-linux-x86_64 | 1.0-5 | 10.61 | 82.50 | 93.11 | NOTE | |
r-release-linux-x86_64 | 1.0-5 | 10.22 | 81.10 | 91.32 | NOTE | |
r-release-macos-arm64 | 1.0-5 | 41.00 | NOTE | |||
r-release-macos-x86_64 | 1.0-5 | 69.00 | NOTE | |||
r-release-windows-x86_64 | 1.0-5 | 11.00 | 89.00 | 100.00 | NOTE | |
r-oldrel-macos-arm64 | 1.0-5 | 50.00 | NOTE | |||
r-oldrel-macos-x86_64 | 1.0-5 | 78.00 | NOTE | |||
r-oldrel-windows-x86_64 | 1.0-5 | 15.00 | 133.00 | 148.00 | NOTE |
Version: 1.0-5
Check: LazyData
Result: NOTE
'LazyData' is specified without a 'data' directory
Flavors: r-patched-linux-x86_64, r-release-linux-x86_64, r-release-macos-arm64, r-release-macos-x86_64, r-release-windows-x86_64, r-oldrel-macos-arm64, r-oldrel-macos-x86_64, r-oldrel-windows-x86_64