Last updated on 2025-02-21 02:52:26 CET.
Flavor | Version | Tinstall | Tcheck | Ttotal | Status | Flags |
---|---|---|---|---|---|---|
r-devel-linux-x86_64-debian-clang | 2.0.2 | 16.99 | 168.79 | 185.78 | NOTE | |
r-devel-linux-x86_64-debian-gcc | 2.0.2 | 11.82 | 112.23 | 124.05 | NOTE | |
r-devel-linux-x86_64-fedora-clang | 2.0.2 | 330.73 | NOTE | |||
r-devel-linux-x86_64-fedora-gcc | 2.0.2 | 284.01 | NOTE | |||
r-devel-macos-arm64 | 2.0.2 | 75.00 | OK | |||
r-devel-macos-x86_64 | 2.0.2 | 176.00 | NOTE | |||
r-devel-windows-x86_64 | 2.0.2 | 17.00 | 155.00 | 172.00 | NOTE | |
r-patched-linux-x86_64 | 2.0.2 | 16.81 | 152.16 | 168.97 | NOTE | |
r-release-linux-x86_64 | 2.0.2 | 14.56 | 154.47 | 169.03 | NOTE | |
r-release-macos-arm64 | 2.0.2 | 69.00 | NOTE | |||
r-release-macos-x86_64 | 2.0.2 | 118.00 | NOTE | |||
r-release-windows-x86_64 | 2.0.2 | 17.00 | 151.00 | 168.00 | NOTE | |
r-oldrel-macos-arm64 | 2.0.2 | 78.00 | NOTE | |||
r-oldrel-macos-x86_64 | 2.0.2 | 132.00 | NOTE | |||
r-oldrel-windows-x86_64 | 2.0.2 | 23.00 | 193.00 | 216.00 | NOTE |
Version: 2.0.2
Check: DESCRIPTION meta-information
Result: NOTE
Missing dependency on R >= 4.1.0 because package code uses the pipe
|> or function shorthand \(...) syntax added in R 4.1.0.
File(s) using such syntax:
‘make.surv.R’ ‘plot_tranformed_km.R’ ‘utils_make_surv.R’
‘utils_plot_survHE.R’
Flavors: r-devel-linux-x86_64-debian-clang, r-devel-linux-x86_64-debian-gcc, r-devel-linux-x86_64-fedora-clang, r-devel-linux-x86_64-fedora-gcc, r-devel-macos-x86_64, r-devel-windows-x86_64
Version: 2.0.2
Check: package dependencies
Result: NOTE
Packages suggested but not available for checking:
'survHEinla', 'survHEhmc', 'INLA'
Flavors: r-patched-linux-x86_64, r-release-linux-x86_64, r-release-macos-arm64, r-release-macos-x86_64, r-oldrel-macos-arm64, r-oldrel-macos-x86_64, r-oldrel-windows-x86_64
Version: 2.0.2
Check: package dependencies
Result: NOTE
Packages suggested but not available for checking:
'survHEinla', 'survHEhmc'
Flavor: r-release-windows-x86_64