Last updated on 2025-02-18 02:50:51 CET.
Flavor | Version | Tinstall | Tcheck | Ttotal | Status | Flags |
---|---|---|---|---|---|---|
r-devel-linux-x86_64-debian-clang | 0.5.6 | 11.00 | 111.06 | 122.06 | NOTE | |
r-devel-linux-x86_64-debian-gcc | 0.5.6 | 7.85 | 77.75 | 85.60 | NOTE | |
r-devel-linux-x86_64-fedora-clang | 0.5.6 | 191.11 | NOTE | |||
r-devel-linux-x86_64-fedora-gcc | 0.5.6 | 186.52 | NOTE | |||
r-devel-macos-arm64 | 0.5.6 | 57.00 | NOTE | |||
r-devel-macos-x86_64 | 0.5.6 | 119.00 | NOTE | |||
r-devel-windows-x86_64 | 0.5.6 | 13.00 | 124.00 | 137.00 | NOTE | |
r-patched-linux-x86_64 | 0.5.6 | 11.41 | 97.35 | 108.76 | NOTE | |
r-release-linux-x86_64 | 0.5.6 | 10.30 | 98.04 | 108.34 | NOTE | |
r-release-macos-arm64 | 0.5.6 | 57.00 | NOTE | |||
r-release-macos-x86_64 | 0.5.6 | 132.00 | NOTE | |||
r-release-windows-x86_64 | 0.5.6 | 14.00 | 125.00 | 139.00 | NOTE | |
r-oldrel-macos-arm64 | 0.5.6 | 58.00 | OK | |||
r-oldrel-macos-x86_64 | 0.5.6 | 96.00 | OK | |||
r-oldrel-windows-x86_64 | 0.5.6 | 17.00 | 153.00 | 170.00 | OK |
Version: 0.5.6
Check: Rd files
Result: NOTE
checkRd: (-1) sf.Rd:66: Lost braces; missing escapes or markup?
66 | A {data.table} which is stored as an attribute of
| ^
Flavors: r-devel-linux-x86_64-debian-clang, r-devel-linux-x86_64-debian-gcc, r-devel-linux-x86_64-fedora-clang, r-devel-linux-x86_64-fedora-gcc, r-devel-macos-arm64, r-devel-macos-x86_64, r-devel-windows-x86_64, r-patched-linux-x86_64, r-release-linux-x86_64, r-release-macos-arm64, r-release-macos-x86_64, r-release-windows-x86_64