Last updated on 2025-02-21 02:52:26 CET.
Flavor | Version | Tinstall | Tcheck | Ttotal | Status | Flags |
---|---|---|---|---|---|---|
r-devel-linux-x86_64-debian-clang | 0.3.0 | 248.84 | 257.10 | 505.94 | OK | |
r-devel-linux-x86_64-debian-gcc | 0.3.0 | 239.42 | 200.99 | 440.41 | OK | |
r-devel-linux-x86_64-fedora-clang | 0.3.0 | 898.79 | NOTE | |||
r-devel-linux-x86_64-fedora-gcc | 0.3.0 | 1028.52 | NOTE | |||
r-devel-macos-arm64 | 0.3.0 | 199.00 | OK | |||
r-devel-macos-x86_64 | 0.3.0 | 335.00 | OK | |||
r-devel-windows-x86_64 | 0.3.0 | 229.00 | 308.00 | 537.00 | OK | |
r-patched-linux-x86_64 | 0.3.0 | 305.42 | 273.46 | 578.88 | NOTE | |
r-release-linux-x86_64 | 0.3.0 | 301.92 | 275.38 | 577.30 | NOTE | |
r-release-macos-arm64 | 0.3.0 | 114.00 | NOTE | |||
r-release-macos-x86_64 | 0.3.0 | 179.00 | NOTE | |||
r-release-windows-x86_64 | 0.3.0 | 236.00 | 309.00 | 545.00 | NOTE | |
r-oldrel-macos-arm64 | 0.3.0 | 577.00 | NOTE | |||
r-oldrel-macos-x86_64 | 0.3.0 | 472.00 | NOTE | |||
r-oldrel-windows-x86_64 | 0.3.0 | 324.00 | 351.00 | 675.00 | NOTE |
Version: 0.3.0
Check: dependencies in R code
Result: NOTE
Namespaces in Imports field not imported from:
‘RcppParallel’ ‘rstantools’
All declared Imports should be used.
Flavors: r-devel-linux-x86_64-fedora-clang, r-devel-linux-x86_64-fedora-gcc
Version: 0.3.0
Check: for GNU extensions in Makefiles
Result: NOTE
GNU make is a SystemRequirements.
Flavors: r-patched-linux-x86_64, r-release-linux-x86_64, r-release-macos-arm64, r-release-macos-x86_64, r-release-windows-x86_64, r-oldrel-macos-arm64, r-oldrel-macos-x86_64, r-oldrel-windows-x86_64
Version: 0.3.0
Check: installed package size
Result: NOTE
installed size is 63.5Mb
sub-directories of 1Mb or more:
libs 62.3Mb
Flavors: r-release-macos-arm64, r-release-macos-x86_64, r-oldrel-macos-arm64, r-oldrel-macos-x86_64