Last updated on 2025-02-21 02:52:26 CET.
Flavor | Version | Tinstall | Tcheck | Ttotal | Status | Flags |
---|---|---|---|---|---|---|
r-devel-linux-x86_64-debian-clang | 3.8-3 | 62.48 | 549.46 | 611.94 | OK | |
r-devel-linux-x86_64-debian-gcc | 3.8-3 | 44.09 | 384.31 | 428.40 | OK | |
r-devel-linux-x86_64-fedora-clang | 3.8-3 | 1066.10 | OK | |||
r-devel-linux-x86_64-fedora-gcc | 3.8-3 | 1041.91 | OK | |||
r-devel-macos-arm64 | 3.8-3 | 293.00 | OK | |||
r-devel-macos-x86_64 | 3.8-3 | 729.00 | OK | |||
r-devel-windows-x86_64 | 3.8-3 | 87.00 | 726.00 | 813.00 | OK | |
r-patched-linux-x86_64 | 3.8-3 | 64.58 | 529.14 | 593.72 | OK | |
r-release-linux-x86_64 | 3.8-3 | 61.74 | 520.88 | 582.62 | OK | |
r-release-macos-arm64 | 3.8-3 | 287.00 | NOTE | |||
r-release-macos-x86_64 | 3.8-3 | 652.00 | NOTE | |||
r-release-windows-x86_64 | 3.8-3 | 88.00 | 0.00 | 88.00 | FAIL | |
r-oldrel-macos-arm64 | 3.8-3 | 306.00 | NOTE | |||
r-oldrel-macos-x86_64 | 3.8-3 | 661.00 | NOTE | |||
r-oldrel-windows-x86_64 | 3.8-3 | 108.00 | 764.00 | 872.00 | NOTE |
Version: 3.8-3
Check: installed package size
Result: NOTE
installed size is 11.0Mb
sub-directories of 1Mb or more:
R 2.0Mb
data 2.3Mb
doc 5.3Mb
Flavors: r-release-macos-arm64, r-release-macos-x86_64, r-release-windows-x86_64, r-oldrel-macos-arm64, r-oldrel-macos-x86_64, r-oldrel-windows-x86_64
Version: 3.8-3
Check: re-building of vignette outputs
Result: FAIL
Check process probably crashed or hung up for 20 minutes ... killed
Most likely this happened in the example checks (?),
if not, ignore the following last lines of example output:
Opening pmm std test chisq df ss Pr
L 3.2638 0.33460 global 573.4 2 15980 < 1e-08
M 3.5700 0.30480
S 12.3519 0.31251
>
> fit2 <- coxph(Surv(time, status) ~ factor(ph.ecog)*sex + age, lung)
> yates(fit2, ~ ph.ecog, predict="risk") # hazard ratio
factor(ph.ecog) pmm std test chisq df Pr
0 0.94238 0.46334 factor(ph.ecog) NA NA NA
1 1.42677 0.75697
2 1.74848 3.80017
3 NA 74.01221
>
>
>
> ### * <FOOTER>
> ###
> cleanEx()
> options(digits = 7L)
> base::cat("Time elapsed: ", proc.time() - base::get("ptime", pos = 'CheckExEnv'),"\n")
Time elapsed: 20.68 2.77 23.5 NA NA
> grDevices::dev.off()
null device
1
> ###
> ### Local variables: ***
> ### mode: outline-minor ***
> ### outline-regexp: "\\(> \\)?### [*]+" ***
> ### End: ***
> quit('no')
======== End of example output (where/before crash/hang up occured ?) ========
Flavor: r-release-windows-x86_64