Last updated on 2025-02-21 02:52:26 CET.
Flavor | Version | Tinstall | Tcheck | Ttotal | Status | Flags |
---|---|---|---|---|---|---|
r-devel-linux-x86_64-debian-clang | 0.3.0 | 10.93 | 125.82 | 136.75 | NOTE | |
r-devel-linux-x86_64-debian-gcc | 0.3.0 | 8.30 | 90.09 | 98.39 | NOTE | |
r-devel-linux-x86_64-fedora-clang | 0.3.0 | 233.10 | OK | |||
r-devel-linux-x86_64-fedora-gcc | 0.3.0 | 219.25 | OK | |||
r-devel-macos-arm64 | 0.3.0 | 71.00 | OK | |||
r-devel-macos-x86_64 | 0.3.0 | 118.00 | OK | |||
r-devel-windows-x86_64 | 0.3.0 | 13.00 | 129.00 | 142.00 | NOTE | |
r-patched-linux-x86_64 | 0.3.0 | 17.48 | 115.23 | 132.71 | OK | |
r-release-linux-x86_64 | 0.3.0 | 12.28 | 115.62 | 127.90 | OK | |
r-release-macos-arm64 | 0.3.0 | 69.00 | OK | |||
r-release-macos-x86_64 | 0.3.0 | 97.00 | OK | |||
r-release-windows-x86_64 | 0.3.0 | 14.00 | 133.00 | 147.00 | OK | |
r-oldrel-macos-arm64 | 0.3.0 | 73.00 | OK | |||
r-oldrel-macos-x86_64 | 0.3.0 | 114.00 | OK | |||
r-oldrel-windows-x86_64 | 0.3.0 | 19.00 | 152.00 | 171.00 | OK |
Version: 0.3.0
Check: Rd cross-references
Result: NOTE
Found the following Rd file(s) with Rd \link{} targets missing package
anchors:
forest_plot.Rd: draw_label
forest_plot_grid.Rd: plot_grid
kaplan_meier_grid.Rd: ggsurvplot, save_pdf, marrangeGrob
kaplan_meier_plot.Rd: ggsurvplot, save_pdf
pluck_multivariate_analysis.Rd: coxph
pluck_survival_analysis.Rd: survfit, survdiff, coxph
Please provide package anchors for all Rd \link{} targets not in the
package itself and the base packages.
Flavors: r-devel-linux-x86_64-debian-clang, r-devel-linux-x86_64-debian-gcc, r-devel-windows-x86_64